{"id":1010,"date":"2013-08-08T10:49:08","date_gmt":"2013-08-03T23:48:27","guid":{"rendered":"https:\/\/www.swingtap.com\/?page_id=1010"},"modified":"2022-03-09T13:00:57","modified_gmt":"2022-03-09T12:00:57","slug":"marius-unser-kleiner-champiom","status":"publish","type":"page","link":"https:\/\/www.swingtap.com\/blog\/de\/marius-unser-kleiner-champiom\/","title":{"rendered":"Marius, unser kleiner Champion"},"content":{"rendered":"<div class=\"_warning\">\n  Demn\u00e4chst finden Sie diese Seite in deutscher Sprache\n<\/div>\n<p>Marius tanzt f\u00fcr THE VOICE<\/p>\n<p>Er begleitet Igit in seiner franz\u00f6sischen Version von &#8220;New York, New York&#8221;<br \/>\n<div style=\"width: 640px;\" class=\"wp-video\"><!--[if lt IE 9]><script>document.createElement('video');<\/script><![endif]-->\n<video class=\"wp-video-shortcode\" id=\"video-1010-1\" width=\"640\" height=\"360\" preload=\"metadata\" controls=\"controls\"><source type=\"video\/mp4\" src=\"https:\/\/www.swingtap.com\/blog\/wp-content\/uploads\/The-Voice-3-Les-Directs-1_-Igit-interpre\u0300te-\u00ab-New-York-New-Y.mp4?_=1\" \/><a href=\"https:\/\/www.swingtap.com\/blog\/wp-content\/uploads\/The-Voice-3-Les-Directs-1_-Igit-interpre\u0300te-\u00ab-New-York-New-Y.mp4\">https:\/\/www.swingtap.com\/blog\/wp-content\/uploads\/The-Voice-3-Les-Directs-1_-Igit-interpre\u0300te-\u00ab-New-York-New-Y.mp4<\/a><\/video><\/div><\/p>\n<p>Quand j&#8217;avais 6 ans j&#8217;ai particip\u00e9 au <strong>Championnat Suisse de Claquettes<\/strong> et j&#8217;ai remport\u00e9 la <strong>3\u00e8me place (la m\u00e9daille de bronze) avec &#8220;Inspecteur Gadget&#8221;<\/strong>. [foldergallery folder=&#8221;wp-content\/uploads\/marius\/gallery-marius-inspecteur-gadget-sept-2008&#8243; title=&#8221;Galerie Marius Inspecteur Gadget Septembre 2008&#8243; thumbnails=3]<\/p>\n<p>A 7 ans j&#8217;ai fait <strong>2\u00e8me avec &#8220;James Bond&#8221;<\/strong>. Argent, c&#8217;est mieux ! [foldergallery folder=&#8221;wp-content\/uploads\/marius\/gallery-marius-james-bond-dec-and-sept-2009&#8243; title=&#8221;Galerie Marius James Bond Septembre 2009&#8243; thumbnails=3]<\/p>\n<p>A 8 ans: l&#8217;or ! <strong>1\u00e8re place avec &#8220;Borsalino&#8221;<\/strong> que j&#8217;ai travaill\u00e9 avec Isabelle et mon papa. [foldergallery folder=&#8221;wp-content\/uploads\/marius\/gallery-marius-borsalino-mondial-dec-2010&#8243; title=&#8221;Galerie Marius Borsalino D\u00e9cembre 2010&#8243; thumbnails=3]<\/p>\n<p>L&#8217; ann\u00e9e derni\u00e8re: encore <strong>1\u00e8re place avec mon num\u00e9ro de &#8220;Harry Potter&#8221;<\/strong>, \u00e0 l&#8217;unanimit\u00e9 des 7 membres du jury! [foldergallery folder=&#8221;wp-content\/uploads\/marius\/gallery-marius-harry-potter-championnat-suisse-juin-2011&#8243; title=&#8221;Galerie Marius Harry Potter Juin 2011&#8243; thumbnails=3]<\/p>\n<p>Et maintenant: champion pour la <strong>3\u00e8me fois, avec mon num\u00e9ro &#8220;Mission Impossible&#8221;<\/strong> c&#8217;est super cool, et toujours \u00e0 l&#8217;unanimit\u00e9 des 7 membres du jury ! [foldergallery folder=&#8221;wp-content\/uploads\/marius\/gallery-marius-mission-impossible-championnat-suisse-sept-2012&#8243; title=&#8221;Galerie Marius Mission Impossible Septembre 2012&#8243; thumbnails=3]<\/p>\n<p>Il y a trois ans au <strong>Championnat Mondial<\/strong> j&#8217;ai r\u00e9ussi \u00e0 faire 7\u00e8me. httpv:\/\/www.youtube.com\/watch?v=S7vIz4XecEY<\/p>\n<p>Il y a deux ans c&#8217;\u00e9tait super: 4\u00e8me place. httpv:\/\/www.youtube.com\/watch?v=YKRw4ULZerU<\/p>\n<p><strong>L&#8217;ann\u00e9e derni\u00e8re &#8211; avec mon num\u00e9ro de &#8220;Harry Potter&#8221; &#8211; encore mieux: PODIUM!!!, 3\u00e8me place!<\/strong> [foldergallery folder=&#8221;wp-content\/uploads\/marius\/gallery-marius-harry-potter-mondial-dec-2011&#8243; title=&#8221;Galerie Marius Harry Potter Mondial D\u00e9cembre 2011&#8243; thumbnails=3] httpv:\/\/www.youtube.com\/watch?v=HiOF0-9JkE4<\/p>\n<p>Et j&#8217;ai r\u00e9cidiv\u00e9 cette ann\u00e9e: encore 3\u00e8me ! httpv:\/\/www.youtube.com\/watch?v=L4-FBEgmG_k<\/p>\n<p>Entretemps j&#8217;ai dans\u00e9 au Palace, au stage-festival de Ch\u00e2teauroux et \u00e0 Beaubourg avec mon papa pour &#8220;Beaubourg-La-Reine&#8221;.<\/p>\n<p>Depuis j&#8217;ai fait mes num\u00e9ros sur la piste du Balajo rue de Lappe, alors \u00e7a, c&#8217;\u00e9tait tr\u00e8s, tr\u00e8s joli, et les projecteurs font des ombres ! Et puis on est all\u00e9 \u00e0 Rome rejoindre la &#8220;gente matta&#8221; au Th\u00e9\u00e2tre de la Sistine pour un spectacle super avec Cesare, Philou et Tom o\u00f9 j&#8217;ai m\u00eame fait de l&#8217;impro avec l&#8217;orchestre.<\/p>\n<p>Cette ann\u00e9e j&#8217;ai fait un spectacle avec ma prof de piano, Mme Fazoline. C&#8217;\u00e9tait une op\u00e9rette d&#8217;Offenbach qui s&#8217;appelle &#8220;Le Voyage dans la Lune&#8221;. Je me suis r\u00e9gl\u00e9 les claquettes et j&#8217;ai fait du tambour sur ma caisse claire. J&#8217;ai aussi fait de l&#8217;impro sur &#8220;Cute&#8221; avec orchestre lors d&#8217;un spectacle qui expliquait l&#8217;histoire du jazz.<\/p>\n<p>Avec le succ\u00e8s de &#8220;The Artist&#8221; la t\u00e9l\u00e9 et les journaux sont venu nous voir et <strong>Gulli TV<\/strong> a r\u00e9alis\u00e9 un reportage sur mes claquettes!<\/p>\n<p>httpv:\/\/www.youtube.com\/watch?v=QIFMNeZCB-E<\/p>\n","protected":false},"excerpt":{"rendered":"<p>Demn\u00e4chst finden Sie diese Seite in deutscher Sprache Marius tanzt f\u00fcr THE VOICE Er begleitet Igit in seiner franz\u00f6sischen Version von &#8220;New York, New York&#8221; Quand j&#8217;avais 6 ans j&#8217;ai particip\u00e9 au Championnat Suisse de Claquettes et j&#8217;ai remport\u00e9 la 3\u00e8me place (la m\u00e9daille de bronze) avec &#8220;Inspecteur Gadget&#8221;. [foldergallery folder=&#8221;wp-content\/uploads\/marius\/gallery-marius-inspecteur-gadget-sept-2008&#8243; title=&#8221;Galerie Marius Inspecteur Gadget&hellip; <a class=\"more-link\" href=\"https:\/\/www.swingtap.com\/blog\/de\/marius-unser-kleiner-champiom\/\">Continue reading <span class=\"screen-reader-text\">Marius, unser kleiner Champion<\/span><\/a><\/p>\n<p><a href=\"https:\/\/www.swingtap.com\/blog\/de\/marius-unser-kleiner-champiom\/\">Routines and videos&#8230;<\/a><\/p>\n<p><a href=\"https:\/\/www.swingtap.com\/blog\/de\/marius-unser-kleiner-champiom\/\">Routines and videos&#8230;<\/a><\/p>\n","protected":false},"author":2,"featured_media":0,"parent":0,"menu_order":1,"comment_status":"closed","ping_status":"closed","template":"","meta":[],"_links":{"self":[{"href":"https:\/\/www.swingtap.com\/blog\/wp-json\/wp\/v2\/pages\/1010"}],"collection":[{"href":"https:\/\/www.swingtap.com\/blog\/wp-json\/wp\/v2\/pages"}],"about":[{"href":"https:\/\/www.swingtap.com\/blog\/wp-json\/wp\/v2\/types\/page"}],"author":[{"embeddable":true,"href":"https:\/\/www.swingtap.com\/blog\/wp-json\/wp\/v2\/users\/2"}],"replies":[{"embeddable":true,"href":"https:\/\/www.swingtap.com\/blog\/wp-json\/wp\/v2\/comments?post=1010"}],"version-history":[{"count":1,"href":"https:\/\/www.swingtap.com\/blog\/wp-json\/wp\/v2\/pages\/1010\/revisions"}],"predecessor-version":[{"id":2660,"href":"https:\/\/www.swingtap.com\/blog\/wp-json\/wp\/v2\/pages\/1010\/revisions\/2660"}],"wp:attachment":[{"href":"https:\/\/www.swingtap.com\/blog\/wp-json\/wp\/v2\/media?parent=1010"}],"curies":[{"name":"wp","href":"https:\/\/api.w.org\/{rel}","templated":true}]}}