{"id":1269,"date":"2013-09-17T12:27:03","date_gmt":"2013-08-25T09:01:16","guid":{"rendered":"https:\/\/www.swingtap.com\/?page_id=1269"},"modified":"2013-09-17T12:25:21","modified_gmt":"2013-09-17T10:25:21","slug":"florence-mathoux","status":"publish","type":"page","link":"https:\/\/www.swingtap.com\/blog\/en\/our-teachers\/florence-mathoux\/","title":{"rendered":"Florence Mathoux"},"content":{"rendered":"<div class=\"_warning\">\n  English version available very soon\n<\/div>\n<p>Artiste et p\u00e9dagogue appr\u00e9ci\u00e9e, Florence enseigne les claquettes depuis bient\u00f4t 20 ans notamment au Centre de danse Al\u00e9sia dans le cadre de l\u2019association \u00ab Claquettes en Vogue \u00bb, dans la c\u00e9l\u00e8bre \u00e9cole de Victor Cuno \u00ab Swingtap \u00bb \u00e0 la \u00ab Juste Debout School \u00bb \u00e9cole de formation Hip Hop ainsi que dans de nombreux stages r\u00e9put\u00e9s comme \u00ab le stage de claquettes rythmiques et improvis\u00e9es \u00bb (F. Ruiz et B. Desmouilli\u00e8re) ou le \u00ab Festival International de Claquettes \u00bb \u00e0 Montpellier&#8230;<\/p>\n<p>Pendant sept ans, elle a \u00e9t\u00e9 chor\u00e9graphe et danseuse au sein de la compagnie \u00ab Macadam Tap \u00bb pour le spectacle \u00ab Macadam Tap au pied lev\u00e9 \u00bb.<\/p>\n<p>Elle fait partie du spectacle \u00ab Jazz&#8217;n tap \u00bb de la compagnie de Fabien Ruiz (chor\u00e9graphe du film \u00ab The Artist \u00bb) pour lequel elle a cr\u00e9\u00e9 plusieurs chor\u00e9graphies.<\/p>\n<p>Avec la claquettiste Lucie Rouits, elle monte le duo \u00ab Fers &amp; Magnesium \u00bb qui s&#8217;est produit dans plusieurs festivals de jazz comme Jazz \u00e0 Vienne, Jazz&#8217;in Cherverny, Enghien Jazz Festival, Jazz club Lionel Hampton&#8230; et dans d&#8217;autres festivals tr\u00e8s r\u00e9put\u00e9s comme Un Violon sur le Sable, Le Parc Floral de Vincennes, La Symphonie des 2 Rives&#8230;.<\/p>\n<p>Florence a aussi le plaisir de danser dans le spectacle plein de swing de Claude Tissendier : \u00ab Cotton Club Show \u00bb !<\/p>\n","protected":false},"excerpt":{"rendered":"<p>English version available very soon Artiste et p\u00e9dagogue appr\u00e9ci\u00e9e, Florence enseigne les claquettes depuis bient\u00f4t 20 ans notamment au Centre de danse Al\u00e9sia dans le cadre de l\u2019association \u00ab Claquettes en Vogue \u00bb, dans la c\u00e9l\u00e8bre \u00e9cole de Victor Cuno \u00ab Swingtap \u00bb \u00e0 la \u00ab Juste Debout School \u00bb \u00e9cole de formation Hip Hop&hellip; <a class=\"more-link\" href=\"https:\/\/www.swingtap.com\/blog\/en\/our-teachers\/florence-mathoux\/\">Continue reading <span class=\"screen-reader-text\">Florence Mathoux<\/span><\/a><\/p>\n<p><a href=\"https:\/\/www.swingtap.com\/blog\/en\/our-teachers\/florence-mathoux\/\">Routines and videos&#8230;<\/a><\/p>\n<p><a href=\"https:\/\/www.swingtap.com\/blog\/en\/our-teachers\/florence-mathoux\/\">Routines and videos&#8230;<\/a><\/p>\n","protected":false},"author":1,"featured_media":0,"parent":18,"menu_order":0,"comment_status":"closed","ping_status":"closed","template":"","meta":[],"_links":{"self":[{"href":"https:\/\/www.swingtap.com\/blog\/wp-json\/wp\/v2\/pages\/1269"}],"collection":[{"href":"https:\/\/www.swingtap.com\/blog\/wp-json\/wp\/v2\/pages"}],"about":[{"href":"https:\/\/www.swingtap.com\/blog\/wp-json\/wp\/v2\/types\/page"}],"author":[{"embeddable":true,"href":"https:\/\/www.swingtap.com\/blog\/wp-json\/wp\/v2\/users\/1"}],"replies":[{"embeddable":true,"href":"https:\/\/www.swingtap.com\/blog\/wp-json\/wp\/v2\/comments?post=1269"}],"version-history":[{"count":0,"href":"https:\/\/www.swingtap.com\/blog\/wp-json\/wp\/v2\/pages\/1269\/revisions"}],"up":[{"embeddable":true,"href":"https:\/\/www.swingtap.com\/blog\/wp-json\/wp\/v2\/pages\/18"}],"wp:attachment":[{"href":"https:\/\/www.swingtap.com\/blog\/wp-json\/wp\/v2\/media?parent=1269"}],"curies":[{"name":"wp","href":"https:\/\/api.w.org\/{rel}","templated":true}]}}