{"id":129,"date":"2013-07-29T16:32:57","date_gmt":"2013-07-29T14:32:57","guid":{"rendered":"https:\/\/www.swingtap.com\/?page_id=129"},"modified":"2022-03-09T13:00:57","modified_gmt":"2022-03-09T12:00:57","slug":"conditions-generales-de-vente","status":"publish","type":"page","link":"https:\/\/www.swingtap.com\/blog\/fr\/conditions-generales-de-vente\/","title":{"rendered":"Conditions g\u00e9n\u00e9rales de vente"},"content":{"rendered":"<h1>1 \/ Vente \u00e0 distance<\/h1>\n<h2>D\u00e9lai de traitement des commandes<\/h2>\n<p>[table delimiter=&#8221;|&#8221;]Mode de paiement|D\u00e9lai de traitement<\/p>\n<p>Commande finalis\u00e9e sur notre site avec paiement carte bancaire lors de la commande|Aucun<\/p>\n<p>Commande finalis\u00e9e sur notre site avec paiement par ch\u00e8que bancaire \u00e0 l&#8217;ordre de Swingtap avec les frais de port ou virement|1 semaine<\/p>\n<p>Commande par courrier avec paiement par ch\u00e8que bancaire \u00e0 l&#8217;ordre de Swingtap avec les frais de port par la poste|2 semaines [\/table]<\/p>\n<div class=\"_warning\">\n  Envoi de la marchandise uniquement apr\u00e8s paiement int\u00e9gral de la commande\n<\/div>\n<h2>Commandes group\u00e9es de chaussures et d&#8217;articles<\/h2>\n<p>Une remise vous sera accord\u00e9e aux conditions suivantes (sur total TTC hors frais d&#8217;envoi)<\/p>\n<p>[table delimiter=&#8221;|&#8221;]Condition|Remise<\/p>\n<p>[attr class=&#8221;&#8221;]\u00e0 partir de 250 \u20ac d&#8217;achat|-5%<\/p>\n<p>[attr class=&#8221;&#8221;]\u00e0 partir de 400 \u20ac|-7%<\/p>\n<p>[attr class=&#8221;&#8221;]\u00e0 partir de 550 \u20ac|-9%<\/p>\n<p>[attr class=&#8221;&#8221;]\u00e0 partir de 700 \u20ac|-11%<\/p>\n<p>[attr class=&#8221;&#8221;]\u00e0 partir de 850 \u20ac|-13%<\/p>\n<p>[attr class=&#8221;&#8221;]\u00e0 partir de 1000 \u20ac|-15%<\/p>\n<p>[attr class=&#8221;&#8221;]\u00e0 partir de 1150 \u20ac|-17%<\/p>\n<p>[attr class=&#8221;&#8221;]\u00e0 partir de 1300 \u20ac|-18,5%<\/p>\n<p>[attr class=&#8221;&#8221;]\u00e0 partir de 1500 \u20ac|-20%[\/table]<\/p>\n<p>Les r\u00e9ductions ci-dessus s&#8217;appliquent uniquement pour les commandes avec paiement imm\u00e9diat via le site swingtap.com ou \u00e0 notre boutique lors de la livraison des marchandises.<\/p>\n<h2>Termes et conditions<\/h2>\n<h3>Prix<\/h3>\n<p>Certains prix promotionnels affich\u00e9s sur notre site ne sont pas garantis en magasin.<\/p>\n<h3>TVA<\/h3>\n<p>La facturation de tout envoi en CEE comporte la TVA fran\u00e7aise aux taux en vigueur. Hors la zone europ\u00e9enne (y inclus la SUISSE) la facturation est hors taxes. Dans ce cas le pays de destination peut exiger des droits de douane et de traitement lors de l&#8217;importation.<\/p>\n<h3>Paiement<\/h3>\n<p>Toutes commandes doivent \u00eatre r\u00e9gl\u00e9es en Euros, par carte bancaire Visa \/ Mastercard, ch\u00e8que fran\u00e7ais ou virement.<\/p>\n<h3>Commandes<\/h3>\n<p>Nous mettons tout en oeuvre pour livrer votre commande dans sa totalit\u00e9. Si lors de l&#8217;exp\u00e9dition de votre commande nos stocks ne nous permettent pas d&#8217;assurer l&#8217;int\u00e9gralit\u00e9 de la livraison, nous nous r\u00e9servons le droit d&#8217;effectuer la livraison en plusieurs fois, sans majoration de frais de port pour le client.<\/p>\n<h3>Disponibilit\u00e9 de stock<\/h3>\n<p>Tous les articles (tailles et couleurs) pr\u00e9sent\u00e9s avec un rond vert sont disponibles imm\u00e9diatement ou dans un d\u00e9lai de quelques jours. Cependant nous nous r\u00e9servons le droit de retirer de la vente ou d\u2019abandonner le suivi \u00e0 la vente d\u2019une taille, d\u2019une couleur ou d\u2019un article \u00e0 n\u2019importe quel moment et sans obligation pr\u00e9alable de mise \u00e0 jour.<\/p>\n<h3>Echanges et remboursement de marchandises.<\/h3>\n<p>Les \u00e9changes se font aux conditions suivantes :<\/p>\n<ol>\n<li>L&#8217;article doit \u00eatre retourn\u00e9 dans un d\u00e9lai de 15 jours apr\u00e8s la r\u00e9ception \u00e0 : Swingtap, 21 Rue Keller, 75011 Paris, France.<\/li>\n<li>Pas de retour, \u00e9change ou remboursement pour les cat\u00e9gories d&#8217;articles suivants: CDs, DVDs, livres &amp; livrets chor\u00e9graphiques, t\u00e9l\u00e9chargements de musique, articles PDF et films<\/li>\n<li>L&#8217;article retourn\u00e9 doit \u00eatre intact et non utilis\u00e9.<\/li>\n<li>1er \u00e9change: les frais de retour sont \u00e0 la charge du client et le renvoi gratuit. 2\u00e8me \u00e9change : les frais de retour ET de renvoi sont \u00e0 la charge du client. ARTICLES en PROMO ou ARTICLES SOLDEES: les frais de retour ET de renvoi sont \u00e0 la charge du client. Swingtap ne peut \u00eatre tenu pour responsable en cas de perte ou d\u2019avarie des retours.<\/li>\n<li>Pour tous les articles marqu\u00e9s \u00e0 cet effet sur notre site les frais de renvoi au client doivent \u00eatre joints.<\/li>\n<li>Tout retour doit \u00eatre accompagn\u00e9 d\u2019une copie de la facture correspondante.<\/li>\n<li>Tout retour n&#8217;\u00e9tant pas conforme aux points 1 \u00e0 6 sera retourn\u00e9 \u00e0 l&#8217;envoyeur \u00e0 ses frais.<\/li>\n<\/ol>\n<p>Les remboursements se font aux conditions suivantes :<\/p>\n<ol>\n<li>Remboursement du montant total dans un d\u00e9lai maximal de 30 jours si un article est d\u00e9finitivement indisponible.<\/li>\n<li>En cas d&#8217;annulation d&#8217;une commande : remboursement (hors frais d&#8217;envoi) dans un d\u00e9lai maximal de 30 jours apr\u00e8s le retour de la marchandise. Une retenue de 10 \u20ac (frais de traitement) sera appliqu\u00e9e pour toute vente annul\u00e9e.<\/li>\n<\/ol>\n<h3>Livraison<\/h3>\n<p>Nous livrons dans le monde entier avec les exceptions suivantes : pays ou le service postal et\/o\u00f9 le paiement ne peuvent \u00eatre garantis. Envois par La Poste (Colissimo) avec remise en main propre D\u00e9lais de livraison France : 3 \u00e0 5 jours. D\u00e9lais de livraison en dehors de la France : 1 \u00e0 2 semaines<\/p>\n<h3>Frais de port<\/h3>\n<p>Les frais de port sont indiqu\u00e9s dans le panier lors du paiement de la commande.<\/p>\n<p>Pas d&#8217;envoi de marchandises les dimanches et jours f\u00e9ri\u00e9s. Swingtap ne peut \u00eatre tenu responsable en cas de perte ou d&#8217;avarie caus\u00e9es pendant la livraison. Le destinataire est ainsi tenu, sous sa responsabilit\u00e9, de faire toute r\u00e9serve l\u00e9gale vis \u00e0 vis du transporteur.<\/p>\n<h1>2 \/ Ecole de Claquettes<\/h1>\n<ol>\n<li>\n<p>Remboursement de cours ou de stages : apr\u00e8s pr\u00e9sentation et acceptation d&#8217;un certificat m\u00e9dical. Le certificat m\u00e9dical doit nous parvenir dans un d\u00e9lai maximal de 15 jours apr\u00e8s la date de d\u00e9but de l&#8217;incapacit\u00e9. Pas de remboursement de stage apr\u00e8s la date.<\/p>\n<\/li>\n<li>\n<p>Oubli de carte lors de votre cours : vous devez payer le cours (20 \u20ac) contre re\u00e7u. Sur pr\u00e9sentation de la carte et du re\u00e7u les 20 \u20ac vous seront rembours\u00e9s.<\/p>\n<\/li>\n<li>\n<p>Perte de carte de cours a) Carte de la p\u00e9riode en cours : un duplicata vous sera d\u00e9livr\u00e9 UNE SEULE FOIS avec les cours restants de la p\u00e9riode b) Carte Pro : PAS DE DUPLICATA<\/p>\n<\/li>\n<\/ol>\n<p>Pour toutes informations, nous contacter Swingtap, 21 Rue Keller, 75011 Paris, France T\u00e9l\u00e9phone : (33-1) 48 06 38 18 E-mail : swingtap@gmail.com Swingtap Sarl RC Paris 491 683 363<\/p>\n<p>TVA intracommunautaire : FR 07 491 683 363<\/p>\n","protected":false},"excerpt":{"rendered":"<p>1 \/ Vente \u00e0 distance D\u00e9lai de traitement des commandes [table delimiter=&#8221;|&#8221;]Mode de paiement|D\u00e9lai de traitement Commande finalis\u00e9e sur notre site avec paiement carte bancaire lors de la commande|Aucun Commande finalis\u00e9e sur notre site avec paiement par ch\u00e8que bancaire \u00e0 l&#8217;ordre de Swingtap avec les frais de port ou virement|1 semaine Commande par courrier avec&hellip; <a class=\"more-link\" href=\"https:\/\/www.swingtap.com\/blog\/fr\/conditions-generales-de-vente\/\">Continue reading <span class=\"screen-reader-text\">Conditions g\u00e9n\u00e9rales de vente<\/span><\/a><\/p>\n<p><a href=\"https:\/\/www.swingtap.com\/blog\/fr\/conditions-generales-de-vente\/\">Routines and videos&#8230;<\/a><\/p>\n<p><a href=\"https:\/\/www.swingtap.com\/blog\/fr\/conditions-generales-de-vente\/\">Routines and videos&#8230;<\/a><\/p>\n","protected":false},"author":1,"featured_media":0,"parent":0,"menu_order":2,"comment_status":"closed","ping_status":"closed","template":"","meta":[],"_links":{"self":[{"href":"https:\/\/www.swingtap.com\/blog\/wp-json\/wp\/v2\/pages\/129"}],"collection":[{"href":"https:\/\/www.swingtap.com\/blog\/wp-json\/wp\/v2\/pages"}],"about":[{"href":"https:\/\/www.swingtap.com\/blog\/wp-json\/wp\/v2\/types\/page"}],"author":[{"embeddable":true,"href":"https:\/\/www.swingtap.com\/blog\/wp-json\/wp\/v2\/users\/1"}],"replies":[{"embeddable":true,"href":"https:\/\/www.swingtap.com\/blog\/wp-json\/wp\/v2\/comments?post=129"}],"version-history":[{"count":1,"href":"https:\/\/www.swingtap.com\/blog\/wp-json\/wp\/v2\/pages\/129\/revisions"}],"predecessor-version":[{"id":2667,"href":"https:\/\/www.swingtap.com\/blog\/wp-json\/wp\/v2\/pages\/129\/revisions\/2667"}],"wp:attachment":[{"href":"https:\/\/www.swingtap.com\/blog\/wp-json\/wp\/v2\/media?parent=129"}],"curies":[{"name":"wp","href":"https:\/\/api.w.org\/{rel}","templated":true}]}}