{"id":2706,"date":"2022-06-05T17:02:20","date_gmt":"2022-06-05T15:02:20","guid":{"rendered":"https:\/\/www.swingtap.com\/?page_id=2706"},"modified":"2025-08-25T11:45:40","modified_gmt":"2025-08-25T09:45:40","slug":"home","status":"publish","type":"page","link":"https:\/\/www.swingtap.com\/blog\/en\/home\/","title":{"rendered":"Home"},"content":{"rendered":"\n\n\t<h1>WELCOME TO OUR 100% TAP SITE<\/h1>\n<h2>\n\t\tC\n\t<\/h2>\n<h2>\n\t\tC\n\t<\/h2>\n<h2>\n\t\tC\n\t<\/h2>\n\t<p><strong>Start of the season &gt; September 1, 2025<\/strong><\/p>\n\t<p><strong>Tryout class : 20 \u20ac with a pair of fitting shoes<\/strong><\/p>\n<p>You can come any time, we have open classes!<\/p>\n<p>No reservation necessary, just drop in!<\/p>\n<p>Our teachers: Victor Cuno, David Lasserre and Antoine Beyney<\/p>\n<p>American Tap for the stage<\/p>\n<p>Training ground for professionals: Disneyland Paris and all upcoming musicals<\/p>\n\t\t\t<a href=\"\/blog\/fr\/nos-stages-a-paris\" target=\"_self\" rel=\"noopener\">\n\t\t\t\t\t\t\tInfos et inscriptions\n\t\t\t<\/a>\n\t\t\t\t<img loading=\"lazy\" src=\"https:\/\/www.swingtap.com\/blog\/wp-content\/uploads\/IMG_2771-scaled.jpg\" alt=\"IMG_2771\" itemprop=\"image\" height=\"1920\" width=\"2560\" title=\"IMG_2771\" onerror=\"this.style.display='none'\"  \/>\n<h2>\n\t\tCours gratuits de d\u00e9couverte pour les ENFANT et les ADOS\n\t<\/h2>\n\t<p><strong>&gt; kids from 11 years and up<\/strong><\/p>\n<p><b>In our school the kids can tap with the adults!<\/b><\/p>\n<p><b>Tryout class 10 \u20ac with a pair of fitting shoes<\/b><\/p>\n<p>No reservation necessary, just come by<\/p>\n<p>&nbsp;<\/p>\n\t\t\t<a href=\"\/blog\/fr\/contactez-nous\" target=\"_self\" rel=\"noopener\">\n\t\t\t\t\t\t\tswingtap@gmail.com\n\t\t\t<\/a>\n\t\t\t\t<img loading=\"lazy\" src=\"https:\/\/www.swingtap.com\/blog\/wp-content\/uploads\/NS5F7734.jpg\" alt=\"NS5F7734\" itemprop=\"image\" height=\"600\" width=\"899\" title=\"NS5F7734\" onerror=\"this.style.display='none'\"  \/>\n\t\t\t\t<img src=\"https:\/\/www.swingtap.com\/blog\/wp-content\/plugins\/bb-plugin\/img\/pixel.png\" alt=\"\" itemprop=\"image\" onerror=\"this.style.display='none'\"  \/>\n<h2>\n\t\tTaP SHOES\n\t<\/h2>\n\t<p><strong>GOOD SHOES AT GOOD PRICES !!<\/strong>!<\/p>\n<p>&gt; check out our Roxy and Jason shoes!<\/p>\n&gt; Our shop is open 7 days a week from 4pm to 6.30pm<br \/>\n&gt; Worldwide delivery\n<p>&nbsp;<\/p>\n<p>&nbsp;<\/p>\n\t\t\t<a href=\"\/blog\/fr\/achats-groupes-avantage-client\" target=\"_self\" rel=\"noopener\">\n\t\t\t\t\t\t\tAchats group\u00e9s &#038; avantage client\n\t\t\t<\/a>\n\t\t\t\t<img loading=\"lazy\" src=\"https:\/\/www.swingtap.com\/blog\/wp-content\/uploads\/swingtap.jpg\" alt=\"swingtap\" itemprop=\"image\" height=\"720\" width=\"960\" title=\"swingtap\" onerror=\"this.style.display='none'\"  \/>\n<h2>\n\t\tNos MARQUES\n\t<\/h2>\n\t\t\t\t<img loading=\"lazy\" src=\"https:\/\/www.swingtap.com\/blog\/wp-content\/uploads\/2-1.jpg\" alt=\"2\" itemprop=\"image\" height=\"79\" width=\"140\" title=\"2\" onerror=\"this.style.display='none'\"  \/>\n\t\t\t\t<img loading=\"lazy\" src=\"https:\/\/www.swingtap.com\/blog\/wp-content\/uploads\/4-1.jpg\" alt=\"4\" itemprop=\"image\" height=\"131\" width=\"361\" title=\"4\" onerror=\"this.style.display='none'\"  \/>\n\t\t\t\t<img loading=\"lazy\" src=\"https:\/\/www.swingtap.com\/blog\/wp-content\/uploads\/5-1-300x95.jpg\" alt=\"5\" itemprop=\"image\" height=\"95\" width=\"300\" title=\"5\" onerror=\"this.style.display='none'\"  \/>\n\t\t\t\t<img loading=\"lazy\" src=\"https:\/\/www.swingtap.com\/blog\/wp-content\/uploads\/6-1-150x133.jpg\" alt=\"6\" itemprop=\"image\" height=\"133\" width=\"150\" title=\"6\" onerror=\"this.style.display='none'\"  \/>\n\t\t\t\t<img loading=\"lazy\" src=\"https:\/\/www.swingtap.com\/blog\/wp-content\/uploads\/3-1.jpg\" alt=\"3\" itemprop=\"image\" height=\"70\" width=\"194\" title=\"3\" onerror=\"this.style.display='none'\"  \/>\n<h2>\n\t\tNos produits\n\t<\/h2>\n\t\t\t\t<img loading=\"lazy\" src=\"https:\/\/www.swingtap.com\/blog\/wp-content\/uploads\/merry-jane-bloch-300x300.jpg\" alt=\"merry-jane-bloch\" itemprop=\"image\" height=\"300\" width=\"300\" title=\"merry-jane-bloch\" onerror=\"this.style.display='none'\"  \/>\n\t<strong>Grand choix de chaussures<br \/>\n<\/strong>\n\t\t\t\t<img loading=\"lazy\" src=\"https:\/\/www.swingtap.com\/blog\/wp-content\/uploads\/sansha-metal-tech-fers-pointes.jpg\" alt=\"sansha-metal-tech-fers-pointes\" itemprop=\"image\" height=\"262\" width=\"262\" title=\"sansha-metal-tech-fers-pointes\" onerror=\"this.style.display='none'\"  \/>\n\t<p><strong>Des fers pour \u00e9quiper vos chaussures de ville<\/strong><\/p>\n\t\t\t\t<img loading=\"lazy\" src=\"https:\/\/www.swingtap.com\/blog\/wp-content\/uploads\/guide-du-debutant.jpg\" alt=\"guide-du-debutant\" itemprop=\"image\" height=\"262\" width=\"262\" title=\"guide-du-debutant\" onerror=\"this.style.display='none'\"  \/>\n\t<strong>Des livrets p\u00e9dagogiques<br \/>\n<\/strong>\n\t\t\t\t<img loading=\"lazy\" src=\"https:\/\/www.swingtap.com\/blog\/wp-content\/uploads\/gene-kelly-et-stanley-donen-singing-in-the-rain.jpg\" alt=\"gene-kelly-et-stanley-donen-singing-in-the-rain\" itemprop=\"image\" height=\"262\" width=\"262\" title=\"gene-kelly-et-stanley-donen-singing-in-the-rain\" onerror=\"this.style.display='none'\"  \/>\n\t<p><strong>Des livrets chor\u00e9graphiques retranscrites<\/strong><\/p>\n\t\t\t\t<img loading=\"lazy\" src=\"https:\/\/www.swingtap.com\/blog\/wp-content\/uploads\/plan-serre.jpg\" alt=\"plan-serre\" itemprop=\"image\" height=\"262\" width=\"262\" title=\"plan-serre\" onerror=\"this.style.display='none'\"  \/>\n\t<p><strong>Des musiques \u00e0 t\u00e9l\u00e9charger pour vous entrainer<\/strong><\/p>\n\t\t\t\t<img loading=\"lazy\" src=\"https:\/\/www.swingtap.com\/blog\/wp-content\/uploads\/cd-tap-in-the-groove-2.jpg\" alt=\"cd-tap-in-the-groove-2\" itemprop=\"image\" height=\"262\" width=\"262\" title=\"cd-tap-in-the-groove-2\" onerror=\"this.style.display='none'\"  \/>\n\t<p><strong>Des CDs<\/strong><\/p>\n\t\t\t\t<img loading=\"lazy\" src=\"https:\/\/www.swingtap.com\/blog\/wp-content\/uploads\/dvd-coupe-de-paris-2004-34-numeros-de-claquettes.jpg\" alt=\"dvd-coupe-de-paris-2004-34-numeros-de-claquettes\" itemprop=\"image\" height=\"262\" width=\"262\" title=\"dvd-coupe-de-paris-2004-34-numeros-de-claquettes\" onerror=\"this.style.display='none'\"  \/>\n\t<p><strong>Des DVDs<\/strong><\/p>\n<h2>\n\t\tLes cours chez Swingtap\n\t<\/h2>\n\t<p>Fin de la saison : Samedi 2 juillet<\/p>\n<p>Rentr\u00e9e : Lundi 29 Ao\u00fbt<\/p>\n<p>Chez nous, c&#8217;est la rentr\u00e9e permanente ! Venez nous voir !<\/p>\n<p>24 cours de claquettes par semaine !<\/p>\n<h2>\n\t\tCommencer maintenant !\n\t<\/h2>\n\t<p>Envie de commencer ? Vous pouvez venir \u00e0 tout moment et faire un cours d&#8217;essai : 5 cours par semaine au choix !<\/p>\n<p>Cours d&#8217;essai : 20 \u20ac avec le pr\u00eat des chaussures \u00e0 votre taille<\/p>\n<h2>\n\t\tNos professeurs\n\t<\/h2>\n\t\t\t\t<img loading=\"lazy\" src=\"https:\/\/www.swingtap.com\/blog\/wp-content\/uploads\/victor.jpg\" alt=\"victor\" itemprop=\"image\" height=\"300\" width=\"200\" title=\"victor\" onerror=\"this.style.display='none'\"  \/>\n\t<strong>Victor Cuno<\/strong><br \/>\n&#8216;the talking feet of Paris&#8217;\n\t\t\t\t<img loading=\"lazy\" src=\"https:\/\/www.swingtap.com\/blog\/wp-content\/uploads\/Capture-decran-du-2022-05-28-12-21-49.png\" alt=\"Capture d'\u00e9cran du 2022-05-28 12-21-49\" itemprop=\"image\" height=\"769\" width=\"505\" title=\"Capture d'\u00e9cran du 2022-05-28 12-21-49\" onerror=\"this.style.display='none'\"  \/>\n\t<p><strong>Isabelle Tonnerre<\/strong><\/p>\n\t\t\t\t<img loading=\"lazy\" src=\"https:\/\/www.swingtap.com\/blog\/wp-content\/uploads\/Capture-decran-du-2022-05-28-12-09-38.png\" alt=\"Capture d'\u00e9cran du 2022-05-28 12-09-38\" itemprop=\"image\" height=\"437\" width=\"242\" title=\"Capture d'\u00e9cran du 2022-05-28 12-09-38\" onerror=\"this.style.display='none'\"  \/>\n\t<p><strong>Florence Mathoux<\/strong><\/p>\n\t\t\t\t<img loading=\"lazy\" src=\"https:\/\/www.swingtap.com\/blog\/wp-content\/uploads\/david.jpg\" alt=\"david\" itemprop=\"image\" height=\"900\" width=\"600\" title=\"david\" onerror=\"this.style.display='none'\"  \/>\n\t<p><strong>David Lasserre<\/strong><\/p>\n<h2>\n\t\tLa rentr\u00e9e ENFANTS &#038; ADOS : A partir du 14 septembre !!!\n\t<\/h2>\n\t<p>Cours d&#8217;essai avec pr\u00eat de chaussures : 10 \u20ac<\/p>\n<p>\u00c0 partir de 8 ans. Possibilit\u00e9 pour les enfants d\u00e9j\u00e0 initi\u00e9s de participer aux cours adultes, au tarif enfant !<\/p>\nCours\u00a0 enfants : Mercredi 14h \u00e0 15h<br \/>\nCours ados : Lundi 17h30 \u00e0 18h30\n\t\t\t<a href=\"\/blog\/fr\/les-cours-enfants\/\" target=\"_self\" rel=\"noopener\">\n\t\t\t\t\t\t\tCours Enfants et Ados\n\t\t\t<\/a>\n\t\t\t\t<img loading=\"lazy\" src=\"https:\/\/www.swingtap.com\/blog\/wp-content\/uploads\/NS5F7734.jpg\" alt=\"NS5F7734\" itemprop=\"image\" height=\"600\" width=\"899\" title=\"NS5F7734\" onerror=\"this.style.display='none'\"  \/>\n\t\t\t\t<img src=\"https:\/\/www.swingtap.com\/blog\/wp-content\/plugins\/bb-plugin\/img\/pixel.png\" alt=\"\" itemprop=\"image\" onerror=\"this.style.display='none'\"  \/>\n<h2>\n\t\tVictor Online\n\t<\/h2>\n\t<p>Pour apprendre, r\u00e9viser, mieux m\u00e9moriser et s&#8217;entra\u00eener pour vos claquettes : plus de 100 modules techniques et chor\u00e9graphiques !<\/p>\n<p>Rendez-vous sur notre nouvelle plateforme 100% CLAQUETTES !<\/p>\n<p>Regardez les extraits sur YouTube : Tapez Victor Cuno et vous y \u00eates !<\/p>\n\t\t\t<a href=\"https:\/\/victoronline.swingtap.com\/\" target=\"_self\" rel=\"noopener\">\n\t\t\t\t\t\t\tVictor Online\n\t\t\t<\/a>\n\t<iframe loading=\"lazy\" title=\"Les Claquettes avec Victor Cuno : Niveau 3 - Echauffement - &quot;Shuffle Slap&quot;  (pr\u00e9sentation)\" width=\"750\" height=\"422\" src=\"https:\/\/www.youtube.com\/embed\/fL1L4uU90oE?feature=oembed\" frameborder=\"0\" allow=\"accelerometer; autoplay; clipboard-write; encrypted-media; gyroscope; picture-in-picture\" allowfullscreen><\/iframe>\n\t\t\t\t<img src=\"https:\/\/www.swingtap.com\/blog\/wp-content\/plugins\/bb-plugin\/img\/pixel.png\" alt=\"\" itemprop=\"image\" onerror=\"this.style.display='none'\"  \/>\n\n","protected":false},"excerpt":{"rendered":"<p>WELCOME TO OUR 100% TAP SITE C C C Start of the season &gt; September 1, 2025 Tryout class : 20 \u20ac with a pair of fitting shoes You can come any time, we have open classes! No reservation necessary, just drop in! Our teachers: Victor Cuno, David Lasserre and Antoine Beyney American Tap for&hellip; <a class=\"more-link\" href=\"https:\/\/www.swingtap.com\/blog\/en\/home\/\">Continue reading <span class=\"screen-reader-text\">Home<\/span><\/a><\/p>\n<p><a href=\"https:\/\/www.swingtap.com\/blog\/en\/home\/\">Routines and videos&#8230;<\/a><\/p>\n<p><a href=\"https:\/\/www.swingtap.com\/blog\/en\/home\/\">Routines and videos&#8230;<\/a><\/p>\n","protected":false},"author":1,"featured_media":5457,"parent":0,"menu_order":0,"comment_status":"closed","ping_status":"closed","template":"","meta":[],"_links":{"self":[{"href":"https:\/\/www.swingtap.com\/blog\/wp-json\/wp\/v2\/pages\/2706"}],"collection":[{"href":"https:\/\/www.swingtap.com\/blog\/wp-json\/wp\/v2\/pages"}],"about":[{"href":"https:\/\/www.swingtap.com\/blog\/wp-json\/wp\/v2\/types\/page"}],"author":[{"embeddable":true,"href":"https:\/\/www.swingtap.com\/blog\/wp-json\/wp\/v2\/users\/1"}],"replies":[{"embeddable":true,"href":"https:\/\/www.swingtap.com\/blog\/wp-json\/wp\/v2\/comments?post=2706"}],"version-history":[{"count":10,"href":"https:\/\/www.swingtap.com\/blog\/wp-json\/wp\/v2\/pages\/2706\/revisions"}],"predecessor-version":[{"id":5488,"href":"https:\/\/www.swingtap.com\/blog\/wp-json\/wp\/v2\/pages\/2706\/revisions\/5488"}],"wp:featuredmedia":[{"embeddable":true,"href":"https:\/\/www.swingtap.com\/blog\/wp-json\/wp\/v2\/media\/5457"}],"wp:attachment":[{"href":"https:\/\/www.swingtap.com\/blog\/wp-json\/wp\/v2\/media?parent=2706"}],"curies":[{"name":"wp","href":"https:\/\/api.w.org\/{rel}","templated":true}]}}