{"id":2709,"date":"2022-06-05T17:02:20","date_gmt":"2022-06-05T15:02:20","guid":{"rendered":"https:\/\/www.swingtap.com\/?page_id=2709"},"modified":"2025-12-15T14:52:48","modified_gmt":"2025-12-15T13:52:48","slug":"accueil","status":"publish","type":"page","link":"https:\/\/www.swingtap.com\/blog\/fr\/accueil\/","title":{"rendered":"Accueil"},"content":{"rendered":"\n<h2  data-animation-delay=\"0\" data-animation-duration=\"1\">\n\t\t\tLes Cours Chez Swingtap\t<\/h2>\n\t\t<h3>ENVIE DE COMMENCER LES CLAQUETTES ?<\/h3><p>&nbsp;<\/p>\n<p>Vous \u00eates d\u00e9butants et vous souhaitez commencer les claquettes ?<\/p>\n<p>&#8211; Chez Swingtap, vous pouvez d\u00e9buter et faire un cours d&#8217;essai tout au long de l&#8217;ann\u00e9e.<\/p>\n<p>&#8211; Vous avez diff\u00e9rents choix d&#8217;horaires avec 5 cours par semaine.<\/p>\n<p>&#8211; Bonus : Nous vous pr\u00eatons gratuitement une paire de chaussures pour la dur\u00e9e du cours !<\/p>\n<p>Tarifs : 20\u20ac (cours d&#8217;1h30)<\/p>\n\t\t<h3>ENVIE DE REPRENDRE ?<\/h3><p>&nbsp;<\/p>\n<p>Votre rentr\u00e9e chez Swingtap, c&#8217;est toute l&#8217;ann\u00e9e !<\/p>\n&#8211; 24 cours de claquettes par semaine<br \/>\n&#8211; 7 niveaux (du d\u00e9butant au professionnel)<br \/>\n&#8211; 4 talentueux professeurs\n\t\t\t<a href=\"https:\/\/www.swingtap.com\/blog\/fr\/horaires-tarifs-inscriptions\/\" target=\"_self\" rel=\"noopener\">\n\t\t\t\t\t\t\tHoraires Tarifs et Inscriptions\n\t\t\t\t\t<\/a>\n\t<h2>Notre Starter-Pack<\/h2>\n<p>Le kit parfait pour bien entrer dans les claquettes :<\/p>\n14 cours<br \/>\n+ adh\u00e9sion et assurance<br \/>\n<strong>+<\/strong> une paire de chaussures de claquettes en cuir (au choix <a href=\"https:\/\/www.swingtap.com\/shop\/fr\/6-modeles-superieurs\" target=\"_blank\" rel=\"noopener\">mod\u00e8le Cadence ou T-World<\/a>)\n<strong>+<\/strong> un abonnement de 3 mois \u00e0 <a href=\"https:\/\/victoronline.swingtap.com\/\" target=\"_blank\" rel=\"noopener\">Victor Online<\/a><br \/>\n<strong>+<\/strong> le tutoriel pour bien r\u00e9viser et apprendre les claquettes !\n\t\t\t\t<img src=\"https:\/\/www.swingtap.com\/blog\/wp-content\/uploads\/Capture-de\u0301cran-2025-08-28-a\u0300-10.32.31.png\" alt=\"Capture d'e\u0301cran 2025-08-28 a\u0300 10.32.31\" itemprop=\"image\" height=\"1522\" width=\"1890\" title=\"Capture d'e\u0301cran 2025-08-28 a\u0300 10.32.31\" onerror=\"this.style.display='none'\" loading=\"lazy\" \/>\n\t\t\t<a href=\"https:\/\/www.swingtap.com\/shop\/fr\/idees-cadeaux\/474-cours-essai.html\" target=\"_self\" rel=\"noopener\">\n\t\t\t\t\t\t\tStarter Pack\n\t\t\t<\/a>\n\t\t<h3>Notre \u00e9quipe de professeurs<\/h3>\t\n\t\t\t\t<a href=\"https:\/\/www.swingtap.com\/blog\/fr\/nos-professeurs\/victor-cuno\/\" target=\"_self\" itemprop=\"url\" rel=\"noopener\">\n\t\t\t\t<img src=\"https:\/\/www.swingtap.com\/blog\/wp-content\/uploads\/H4-683x1024.jpeg\" alt=\"slides\" itemprop=\"image\" height=\"1024\" width=\"683\" title=\"H4\" onerror=\"this.style.display='none'\" loading=\"lazy\" \/>\n\t\t\t\t<\/a>\n\t\t<h3><a href=\"https:\/\/www.swingtap.com\/blog\/fr\/nos-professeurs\/victor-cuno\/\" target=\"_self\" rel=\"noopener\">Victor CUNO<\/a><\/h3>The talking feet<br \/>\nof Paris\n\t\t\t\t<a href=\"https:\/\/www.swingtap.com\/blog\/fr\/nos-professeurs\/victor-cuno\/\" target=\"_self\" itemprop=\"url\" rel=\"noopener\">\n\t\t\t\t<img src=\"https:\/\/www.swingtap.com\/blog\/wp-content\/uploads\/ANTOINE-TOESTAND-1.png\" alt=\"ANTOINE-TOESTAND\" itemprop=\"image\" height=\"1007\" width=\"576\" title=\"ANTOINE-TOESTAND\" onerror=\"this.style.display='none'\" loading=\"lazy\" \/>\n\t\t\t\t<\/a>\n\t\t<h3><a href=\"https:\/\/www.swingtap.com\/blog\/fr\/nos-professeurs\/victor-cuno\/\" target=\"_self\" rel=\"noopener\">Antoine BEYNEY<\/a><\/h3>Vice-champion d&#8217;Europe 2023<br \/>\ndans sa cat\u00e9gorie\n\t\t\t\t<a href=\"https:\/\/www.swingtap.com\/blog\/fr\/nos-professeurs\/david-lasserre\/\" target=\"_self\" itemprop=\"url\" rel=\"noopener\">\n\t\t\t\t<img src=\"https:\/\/www.swingtap.com\/blog\/wp-content\/uploads\/david.jpg\" alt=\"david\" itemprop=\"image\" height=\"900\" width=\"600\" title=\"david\" onerror=\"this.style.display='none'\" loading=\"lazy\" \/>\n\t\t\t\t<\/a>\n\t\t<h3><a href=\"https:\/\/www.swingtap.com\/blog\/fr\/nos-professeurs\/david-lasserre\/\" target=\"_self\" rel=\"noopener\">David LASSERRE<\/a><\/h3><p>Danseur, chanteur et com\u00e9dien<\/p>\n<h2>\n\t\t\tENFANTS &#038; ADOS A L&#8217;ECOLE SWINGTAP\t<\/h2>\n\t<p>\u00c0 partir de 11 ans les enfants et les ados peuvent participer aux cours adultes !<\/p>\n<p>Cours d&#8217;essai &gt; sans r\u00e9servation &lt; avec pr\u00eat de chaussures : 10 \u20ac<\/p>\n\t\t\t<a href=\"\/blog\/fr\/les-cours-enfants\/\" target=\"_self\" rel=\"noopener\">\n\t\t\t\t\t\t\tCours Enfants et Ados\n\t\t\t<\/a>\n\t\t\t\t<img src=\"https:\/\/www.swingtap.com\/blog\/wp-content\/uploads\/MZ-CHAMP-CH-2015.jpg\" alt=\"M&amp;Z CHAMP CH 2015\" itemprop=\"image\" height=\"900\" width=\"1212\" title=\"M&amp;Z CHAMP CH 2015\" onerror=\"this.style.display='none'\" loading=\"lazy\" \/>\n\t<h2><strong>Id\u00e9es cadeaux<\/strong><\/h2>\n<p><strong><img loading=\"lazy\" src=\"https:\/\/www.swingtap.com\/blog\/wp-content\/uploads\/798-300x183.jpg\" alt=\"\" width=\"326\" height=\"199\" \/> <img loading=\"lazy\" src=\"https:\/\/www.swingtap.com\/blog\/wp-content\/uploads\/330-300x288.jpg\" alt=\"\" width=\"192\" height=\"185\" \/><\/strong><\/p>\n<p><strong>No\u00ebl, un anniversaire, ou juste pour faire plaisir !<\/strong><\/p>\n\t\t\t<a href=\"\/shop\/fr\/23-idees-cadeaux\" target=\"_self\" rel=\"noopener\">\n\t\t\t\t\t\t\tOffrez des cours ou des bons d&#8217;achat\n\t\t\t<\/a>\n<h2>\n\t\t\tCHAUSSURES DE CLAQUETTES\t<\/h2>\n\t<p><img loading=\"lazy\" src=\"https:\/\/www.swingtap.com\/blog\/wp-content\/uploads\/swingtap-300x225.jpg\" alt=\"\" width=\"300\" height=\"225\" \/><\/p>\n<h1><strong>Un grand choix avec des prix imbattables !<\/strong><\/h1>\n<p>&gt; chaussures enfants \u00e0 partir de 24 \u20ac<\/p>\n<p>&gt; chaussures 100% cuir \u00e0 partir de 65 \u20ac<\/p>\n<p>&gt; d\u00e9couvrez notre meilleur rapport qualit\u00e9 \/ prix avec nos mod\u00e8les Sync Tap et Chlo\u00e9 &amp; Maude<\/p>\n<p>&#8230; et pour vous faire plaisir nous maintenons les prix de la saison pass\u00e9e jusqu&#8217;\u00e0 fin septembre\u00a0!<\/p>\n<ul>\n\n\n<\/ul>\n\t\t\t<a href=\"\/blog\/fr\/achats-groupes-avantage-client\" target=\"_self\" rel=\"noopener\">\n\t\t\t\t\t\t\tAchats group\u00e9s &#038; avantage client\n\t\t\t<\/a>\n\t\t<iframe loading=\"lazy\" width=\"560\" height=\"315\" src=\"https:\/\/www.youtube.com\/embed\/BdBthpGkHqQ\" title=\"YouTube video player\" frameborder=\"0\" allow=\"accelerometer; autoplay; clipboard-write; encrypted-media; gyroscope; picture-in-picture; web-share\" allowfullscreen><\/iframe>\t\n<h2>\n\t\t\tNos MARQUES\t<\/h2>\n\t\t\t\t<a href=\"\/shop\/fr\/brand\/2-bloch\" target=\"_self\" itemprop=\"url\" rel=\"noopener\">\n\t\t\t\t<img src=\"https:\/\/www.swingtap.com\/blog\/wp-content\/uploads\/2-1.jpg\" alt=\"2\" itemprop=\"image\" height=\"79\" width=\"140\" title=\"2\" onerror=\"this.style.display='none'\" loading=\"lazy\" \/>\n\t\t\t\t<\/a>\n\t\t\t\t<a href=\"\/shop\/fr\/brand\/4-capezio\" target=\"_self\" itemprop=\"url\" rel=\"noopener\">\n\t\t\t\t<img src=\"https:\/\/www.swingtap.com\/blog\/wp-content\/uploads\/4-1.jpg\" alt=\"4\" itemprop=\"image\" height=\"131\" width=\"361\" title=\"4\" onerror=\"this.style.display='none'\" loading=\"lazy\" \/>\n\t\t\t\t<\/a>\n\t\t\t\t<a href=\"\/shop\/fr\/brand\/5-katz\" target=\"_self\" itemprop=\"url\" rel=\"noopener\">\n\t\t\t\t<img src=\"https:\/\/www.swingtap.com\/blog\/wp-content\/uploads\/5-1-300x95.jpg\" alt=\"5\" itemprop=\"image\" height=\"95\" width=\"300\" title=\"5\" onerror=\"this.style.display='none'\" loading=\"lazy\" \/>\n\t\t\t\t<\/a>\n\t\t\t\t<a href=\"\/shop\/fr\/brand\/6-leo-s\" target=\"_self\" itemprop=\"url\" rel=\"noopener\">\n\t\t\t\t<img src=\"https:\/\/www.swingtap.com\/blog\/wp-content\/uploads\/6-1-150x133.jpg\" alt=\"6\" itemprop=\"image\" height=\"133\" width=\"150\" title=\"6\" onerror=\"this.style.display='none'\" loading=\"lazy\" \/>\n\t\t\t\t<\/a>\n\t\t\t\t<a href=\"\/shop\/fr\/brand\/3-sansha\" target=\"_self\" itemprop=\"url\" rel=\"noopener\">\n\t\t\t\t<img src=\"https:\/\/www.swingtap.com\/blog\/wp-content\/uploads\/3-1.jpg\" alt=\"3\" itemprop=\"image\" height=\"70\" width=\"194\" title=\"3\" onerror=\"this.style.display='none'\" loading=\"lazy\" \/>\n\t\t\t\t<\/a>\n<h2>\n\t\t\tNos produits\t<\/h2>\n\t\t\t\t<a href=\"\/shop\/fr\/3-equipement\" target=\"_self\" itemprop=\"url\" rel=\"noopener\">\n\t\t\t\t<img src=\"https:\/\/www.swingtap.com\/blog\/wp-content\/uploads\/merry-jane-bloch-300x300.jpg\" alt=\"merry-jane-bloch\" itemprop=\"image\" height=\"300\" width=\"300\" title=\"merry-jane-bloch\" onerror=\"this.style.display='none'\" loading=\"lazy\" \/>\n\t\t\t\t<\/a>\n\t<strong>Grand choix de chaussures<br \/>\n<\/strong>\n\t\t\t\t<a href=\"\/shop\/fr\/9-fers\" target=\"_self\" itemprop=\"url\" rel=\"noopener\">\n\t\t\t\t<img src=\"https:\/\/www.swingtap.com\/blog\/wp-content\/uploads\/sansha-metal-tech-fers-pointes.jpg\" alt=\"sansha-metal-tech-fers-pointes\" itemprop=\"image\" height=\"262\" width=\"262\" title=\"sansha-metal-tech-fers-pointes\" onerror=\"this.style.display='none'\" loading=\"lazy\" \/>\n\t\t\t\t<\/a>\n\t<p><strong>Des fers pour \u00e9quiper vos chaussures de ville<\/strong><\/p>\n\t\t\t\t<a href=\"\/shop\/fr\/12-livres-pedagogiques\" target=\"_self\" itemprop=\"url\" rel=\"noopener\">\n\t\t\t\t<img src=\"https:\/\/www.swingtap.com\/blog\/wp-content\/uploads\/guide-du-debutant.jpg\" alt=\"guide-du-debutant\" itemprop=\"image\" height=\"262\" width=\"262\" title=\"guide-du-debutant\" onerror=\"this.style.display='none'\" loading=\"lazy\" \/>\n\t\t\t\t<\/a>\n\t<strong>Des livrets p\u00e9dagogiques<br \/>\n<\/strong>\n\t\t\t\t<a href=\"\/shop\/fr\/13-choregraphies-classiques-et-livres-de-recherche\" target=\"_self\" itemprop=\"url\" rel=\"noopener\">\n\t\t\t\t<img src=\"https:\/\/www.swingtap.com\/blog\/wp-content\/uploads\/gene-kelly-et-stanley-donen-singing-in-the-rain.jpg\" alt=\"gene-kelly-et-stanley-donen-singing-in-the-rain\" itemprop=\"image\" height=\"262\" width=\"262\" title=\"gene-kelly-et-stanley-donen-singing-in-the-rain\" onerror=\"this.style.display='none'\" loading=\"lazy\" \/>\n\t\t\t\t<\/a>\n\t<p><strong>Des livrets chor\u00e9graphiques retranscrites<\/strong><\/p>\n\t\t\t\t<a href=\"\/shop\/fr\/14-musiques-a-telecharger\" target=\"_self\" itemprop=\"url\" rel=\"noopener\">\n\t\t\t\t<img src=\"https:\/\/www.swingtap.com\/blog\/wp-content\/uploads\/plan-serre.jpg\" alt=\"plan-serre\" itemprop=\"image\" height=\"262\" width=\"262\" title=\"plan-serre\" onerror=\"this.style.display='none'\" loading=\"lazy\" \/>\n\t\t\t\t<\/a>\n\t<p><strong>Des musiques \u00e0 t\u00e9l\u00e9charger pour vous entrainer<\/strong><\/p>\n\t\t\t\t<a href=\"\/shop\/fr\/15-cds-et-dvds-claquettes\" target=\"_self\" itemprop=\"url\" rel=\"noopener\">\n\t\t\t\t<img src=\"https:\/\/www.swingtap.com\/blog\/wp-content\/uploads\/cd-tap-in-the-groove-2.jpg\" alt=\"cd-tap-in-the-groove-2\" itemprop=\"image\" height=\"262\" width=\"262\" title=\"cd-tap-in-the-groove-2\" onerror=\"this.style.display='none'\" loading=\"lazy\" \/>\n\t\t\t\t<\/a>\n\t<p><strong>Des CDs<\/strong><\/p>\n\t\t\t\t<a href=\"\/shop\/fr\/15-cds-et-dvds-claquettes\" target=\"_self\" itemprop=\"url\" rel=\"noopener\">\n\t\t\t\t<img src=\"https:\/\/www.swingtap.com\/blog\/wp-content\/uploads\/dvd-coupe-de-paris-2004-34-numeros-de-claquettes.jpg\" alt=\"dvd-coupe-de-paris-2004-34-numeros-de-claquettes\" itemprop=\"image\" height=\"262\" width=\"262\" title=\"dvd-coupe-de-paris-2004-34-numeros-de-claquettes\" onerror=\"this.style.display='none'\" loading=\"lazy\" \/>\n\t\t\t\t<\/a>\n\t<p><strong>Des DVDs<\/strong><\/p>\n<h2>\n\t\t\tVictor Online\t<\/h2>\n\t<p>Pour apprendre, r\u00e9viser, mieux m\u00e9moriser et s&#8217;entra\u00eener pour vos claquettes : plus de 100 modules techniques et chor\u00e9graphiques !<\/p>\n<p>Rendez-vous sur notre nouvelle plateforme 100% CLAQUETTES !<\/p>\n<p>Regardez les extraits sur YouTube : Tapez Victor Cuno et vous y \u00eates !<\/p>\n\t\t\t<a href=\"https:\/\/victoronline.swingtap.com\/\" target=\"_self\" rel=\"noopener\">\n\t\t\t\t\t\t\tVictor Online\n\t\t\t<\/a>\n\t\t<iframe loading=\"lazy\" title=\"Les Claquettes avec Victor Cuno : Niveau 3 - Echauffement - &quot;Shuffle Slap&quot;  (pr\u00e9sentation)\" width=\"750\" height=\"422\" src=\"https:\/\/www.youtube.com\/embed\/fL1L4uU90oE?feature=oembed\" frameborder=\"0\" allow=\"accelerometer; autoplay; clipboard-write; encrypted-media; gyroscope; picture-in-picture\" allowfullscreen><\/iframe>\t\n\n","protected":false},"excerpt":{"rendered":"<p>Les Cours Chez Swingtap ENVIE DE COMMENCER LES CLAQUETTES ? &nbsp; Vous \u00eates d\u00e9butants et vous souhaitez commencer les claquettes ? &#8211; Chez Swingtap, vous pouvez d\u00e9buter et faire un cours d&#8217;essai tout au long de l&#8217;ann\u00e9e. &#8211; Vous avez diff\u00e9rents choix d&#8217;horaires avec 5 cours par semaine. &#8211; Bonus : Nous vous pr\u00eatons gratuitement&hellip; <a class=\"more-link\" href=\"https:\/\/www.swingtap.com\/blog\/fr\/accueil\/\">Continue reading <span class=\"screen-reader-text\">Accueil<\/span><\/a><\/p>\n<p><a href=\"https:\/\/www.swingtap.com\/blog\/fr\/accueil\/\">Routines and videos&#8230;<\/a><\/p>\n<p><a href=\"https:\/\/www.swingtap.com\/blog\/fr\/accueil\/\">Routines and videos&#8230;<\/a><\/p>\n","protected":false},"author":1,"featured_media":5457,"parent":0,"menu_order":0,"comment_status":"closed","ping_status":"closed","template":"","meta":[],"_links":{"self":[{"href":"https:\/\/www.swingtap.com\/blog\/wp-json\/wp\/v2\/pages\/2709"}],"collection":[{"href":"https:\/\/www.swingtap.com\/blog\/wp-json\/wp\/v2\/pages"}],"about":[{"href":"https:\/\/www.swingtap.com\/blog\/wp-json\/wp\/v2\/types\/page"}],"author":[{"embeddable":true,"href":"https:\/\/www.swingtap.com\/blog\/wp-json\/wp\/v2\/users\/1"}],"replies":[{"embeddable":true,"href":"https:\/\/www.swingtap.com\/blog\/wp-json\/wp\/v2\/comments?post=2709"}],"version-history":[{"count":372,"href":"https:\/\/www.swingtap.com\/blog\/wp-json\/wp\/v2\/pages\/2709\/revisions"}],"predecessor-version":[{"id":5598,"href":"https:\/\/www.swingtap.com\/blog\/wp-json\/wp\/v2\/pages\/2709\/revisions\/5598"}],"wp:featuredmedia":[{"embeddable":true,"href":"https:\/\/www.swingtap.com\/blog\/wp-json\/wp\/v2\/media\/5457"}],"wp:attachment":[{"href":"https:\/\/www.swingtap.com\/blog\/wp-json\/wp\/v2\/media?parent=2709"}],"curies":[{"name":"wp","href":"https:\/\/api.w.org\/{rel}","templated":true}]}}