{"id":37,"date":"2019-08-27T11:41:49","date_gmt":"2019-08-27T09:41:49","guid":{"rendered":"https:\/\/www.swingtap.com\/?page_id=37"},"modified":"2025-12-04T14:55:22","modified_gmt":"2025-12-04T13:55:22","slug":"horaires-tarifs-inscriptions","status":"publish","type":"page","link":"https:\/\/www.swingtap.com\/blog\/fr\/horaires-tarifs-inscriptions\/","title":{"rendered":"Horaires, tarifs et inscriptions"},"content":{"rendered":"\n\n\t<h2>1\u00e8re p\u00c9RIODE EN COURS<\/h2>\n\t\t\t<a href=\"#horaires-par-jour\" target=\"_self\" rel=\"noopener\">\n\t\t\t\t\t\tHoraires par jour\n\t\t\t\t\t<\/a>\n\t\t\t<a href=\"#horaires-par-niveau\" target=\"_self\" rel=\"noopener\">\n\t\t\t\t\t\tHoraires par niveau\n\t\t\t\t\t<\/a>\n\t\t\t<a href=\"#conditions-d-inscription\" target=\"_self\" rel=\"noopener\">\n\t\t\t\t\t\t\tConditions d&#8217;inscription\n\t\t\t\t\t<\/a>\n\t\t\t<a href=\"#periodes-tarifaires\" target=\"_self\" rel=\"noopener\">\n\t\t\t\t\t\t\tP\u00e9riodes tarifaires\n\t\t\t\t\t<\/a>\n\t\t\t<a href=\"#prix-par-periode\" target=\"_self\" rel=\"noopener\">\n\t\t\t\t\t\t\tPrix par p\u00e9riode\n\t\t\t\t\t<\/a>\n\t\t\t<a href=\"#forfait-annuel\" target=\"_self\" rel=\"noopener\">\n\t\t\t\t\t\t\tForfait annuel (3 p\u00e9riodes)\n\t\t\t\t\t<\/a>\n\t\t\t<a href=\"#forfait-ado\" target=\"_self\" rel=\"noopener\">\n\t\t\t\t\t\t\tForfait ADO\n\t\t\t\t\t<\/a>\n\t\t\t<a href=\"#starter-pack\" target=\"_self\" rel=\"noopener\">\n\t\t\t\t\t\tStarter-Pack\n\t\t\t\t\t<\/a>\n\t\t\t<a href=\"#forfait-etudiant\" target=\"_self\" rel=\"noopener\">\n\t\t\t\t\t\t\tForfait \u00c9tudiant\n\t\t\t\t\t<\/a>\n\t\t\t<a href=\"#forfait-famille\" target=\"_self\" rel=\"noopener\">\n\t\t\t\t\t\t\tForfait Famille\n\t\t\t\t\t<\/a>\n\t\t\t<a href=\"#professionnels-du-spectacle\" target=\"_self\" rel=\"noopener\">\n\t\t\t\t\t\t\tProfessionnels du spectacle\n\t\t\t\t\t<\/a>\n\t\t\t<a href=\"#modalites-de-paiement\" target=\"_self\" rel=\"noopener\">\n\t\t\t\t\t\t\tModalit\u00e9s de paiement\n\t\t\t\t\t<\/a>\n\t\t\t<a href=\"#fermeture-de-l-ecole\" target=\"_self\" rel=\"noopener\">\n\t\t\t\t\t\t\tFermeture de l&#8217;\u00c9cole\n\t\t\t\t\t<\/a>\n<h2  id=\"horaires-par-jour\">\n\t\t\tHoraires par jour\t<\/h2>\n\t<p>(sous r\u00e9serve de modification)<\/p>\n<h3>\n\t\t\tLundi\t<\/h3>\n\t<ul>\n\n<li>18h45 &gt; Niveau 1 &#8211; David<\/li>\n<li>20h15 &gt; Niveau 2 &#8211; David<\/li>\n<\/ul>\n<h3>\n\t\t\tMardi\t<\/h3>\n\t<ul>\n<li>11h30 &gt; Niveau 5 &#8211; Victor<\/li>\n<li>13h30 &gt; Niveaux 2+ \u00e0 4 technique &#8211; pour progresser plus vite ! &#8211; Victor<\/li>\n<li>18h45 &gt; Niveau 4 &#8211; Victor<\/li>\n<li>20h15 &gt; Niveau 3 &#8211; Antoine<\/li>\n<\/ul>\n<h3>\n\t\t\tMercredi\t<\/h3>\n\t<ul>\n<li>11h30 &gt; Niveau 3 &#8211; Victor<\/li>\n<li>13h30 &gt; Niveau 6 &#8211; Victor<\/li>\n<li>18h45 &gt; Niveau 2 &#8211; David<\/li>\n<li>20h15 &gt; Niveau 1 &#8211; David<\/li>\n<\/ul>\n<h3>\n\t\t\tJeudi\t<\/h3>\n\t<ul>\n<li>9h45 &gt; Niveau 2 &#8211; Victor<\/li>\n<li>11h30 &gt; Niveau 4 &#8211; Victor<\/li>\n<li>18h45 &gt; Niveau 1 &#8211; Victor<\/li>\n<li>20h15 &gt; Niveau 5 &#8211; Victor<\/li>\n<\/ul>\n<h3>\n\t\t\tVendredi\t<\/h3>\n\t<ul>\n<li>9h45 &gt; Niveau 1 &#8211; Victor<\/li>\n<li>11h30 &gt; Atelier Style &#8211; Niveaux 5 \u00e0 7 &#8211; Victor<\/li>\n<li>18h45 &gt; Niveau 3 &#8211; Antoine<\/li>\n<li>20h15 &gt; Niveaux 2+ \u00e0 4 technique &#8211; pour progresser plus vite ! &#8211; Antoine<\/li>\n<li>&gt; cours momentan\u00e9ment suspendu !<\/li>\n<\/ul>\n<h3>\n\t\t\tSamedi\t<\/h3>\n\t<ul>\n<li>10h &gt; Niveau 1 &#8211; Victor assist\u00e9 par Robin<\/li>\n<li>11h30 &gt; Niveau 2 &#8211; Victor assist\u00e9 par Robin<\/li>\n<li>13h &gt; Niveaux 3+ &#8211; Victor<\/li>\n<li>14h30 &gt; Niveau 4+ &#8211; Victor<\/li>\n<\/ul>\n<h2  id=\"horaires-par-niveau\">\n\t\t\tHoraires par niveau\t<\/h2>\n\t<p>(sous r\u00e9serve de modification)<\/p>\n<h3>\n\t\t\tNiveau 1\t<\/h3>\n\t<ul>\n<li>Lundi, 18h45 &gt; David<\/li>\n<li>Mercredi, 20h15 &gt; David<\/li>\n<li>Jeudi, 18h45 &gt; Victor<\/li>\n<li>Vendredi, 9h45 &gt; Victor<\/li>\n<li>Samedi, 10h &gt; Victor assist\u00e9 par Robin<\/li>\n<\/ul>\n<h3>\n\t\t\tNiveau 2\t<\/h3>\n\t<ul>\n<li>Lundi, 20h15 &gt; David<\/li>\n<li>Mercredi, 18h45 &gt; David<\/li>\n<li>Jeudi, 9h45 &gt; Victor<\/li>\n<li>Vendredi, 20h15 &gt; \u00a0Niv 2+ \u00e0 4 technique &#8211; pour progresser plus vite ! &#8211; Antoine &gt; cours momentan\u00e9ment suspendu !<\/li>\n<li>Samedi, 11h30 &gt; Victor assist\u00e9 par Robin<\/li>\n<\/ul>\n<h3>\n\t\t\tNiveau 3\t<\/h3>\n\t<ul>\n<li>Mardi, 13h30, Niveaux 2+ \u00e0 4 : technique &#8211; pour progresser plus vite ! &#8211; Victor<\/li>\n<li>Mardi 20h15, Niveau 3 &gt; Antoine<\/li>\n<li>Mercredi, 11h30 &gt; Victor<\/li>\n<li>Vendredi, 18h45 &gt; Antoine<\/li>\n<li>Vendredi, 20h15 &gt; Niv 2+ \u00e0 4 technique &#8211; pour progresser plus vite ! &#8211; Antoine &gt; cours momentan\u00e9ment suspendu !<\/li>\n<li>Samedi, 13h Niveau 3+ &gt; Victor<\/li>\n<\/ul>\n<h3>\n\t\t\tNiveau 4\t<\/h3>\n\t<ul>\n<li>Mardi 13h30, Niveaux 2+ \u00e0 4 technique &#8211; pour progresser plus vite ! &gt; Victor<\/li>\n<li>Mardi, 18h45 &gt; Victor<\/li>\n<li>Jeudi, 11h30 &gt; Victor<\/li>\n<li>Vendredi, 20h15 &gt; Niv 2+ \u00e0 4 technique &#8211; pour progresser plus vite ! &#8211; Antoine &gt; cours momentan\u00e9ment suspendu !<\/li>\n<li>Samedi 14h30, Niveau 4+ &gt; Victor<\/li>\n<\/ul>\n<h3>\n\t\t\tNiveau 5\t<\/h3>\n\t<ul>\n<li>Mardi, 11h30 &gt; Victor<\/li>\n<li>Jeudi, 20h15 &gt; Victor<\/li>\n<li>Vendredi, 11h30 Atelier Niv 5 et + &#8211; Victor<\/li>\n<\/ul>\n<h3>\n\t\t\tNiveau 6\t<\/h3>\n\t<ul>\n<li>Mercredi, 13h30 &gt; Victor<\/li>\n<li>Vendredi, 11h30 Atelier Niv 5 et + &#8211; Victor<\/li>\n<\/ul>\n<h3>\n\t\t\tNiveau 7\t<\/h3>\n\t<ul>\n<li>Master Class &gt; suspendu<\/li>\n<\/ul>\n\t<p>Les cours\u00a0ont lieu au 21 rue Keller, 75011 Paris (M\u00e9tro Bastille, Voltaire ou Ledru-Rollin)<\/p>\n<h2  id=\"conditions-d-inscription\">\n\t\t\tConditions d&#8217;inscription\t<\/h2>\n\t<p>Choisissez un ou plusieurs cours correspondant \u00e0 votre Niveau. Votre candidature sera retenue apr\u00e8s accord du Professeur concern\u00e9. Les horaires souscrits ne peuvent \u00eatre modifi\u00e9s sans l&#8217;accord du bureau.<\/p>\n<p>Dur\u00e9e des cours : 1h30<\/p>\n<p>Frais d&#8217;inscription pour la saison 2025\/2026 : 29 \u20ac<\/p>\n\tCours d&#8217;essai \/ Cours \u00e0 l&#8217;unit\u00e9 : 20 \u20ac<br \/>\n<small>(les cours d&#8217;essai seront d\u00e9duits lors du paiement de l&#8217;inscription).<\/small>\n\t\t\t<a href=\"\/shop\/fr\/cours-de-claquettes\/363-cours-essai.html\" target=\"_self\" rel=\"noopener\">\n\t\t\t\t\t\tCours d&#8217;essai \/ Cours \u00e0 l&#8217;unit\u00e9\n\t\t\t\t\t<\/a>\n<h2  id=\"periodes-tarifaires\">\n\t\t\tP\u00e9riodes tarifaires\t<\/h2>\n\t<p>La saison 2025 \/ 2026 sera divis\u00e9e en 3 p\u00e9riodes de 14 cours<\/p>\n<p>Chaque p\u00e9riode, non remboursable, sera payable int\u00e9gralement.Tous les cours doivent imp\u00e9rativement \u00eatre pris avant la fin de chaque p\u00e9riode.Vous pouvez \u00e0 tout moment remplacer ou rattraper un cours apr\u00e8s accord du bureau.<\/p>\n<p>Nos p\u00e9riodes ne sont pas des p\u00e9riodes p\u00e9dagogiques, vous pouvez commencer \u00e0 tout moment !<\/p>\n<p>Pour les d\u00e9butants : cours d&#8217;essai \u00e0 tout moment ! &gt; Une paire de chaussures sera mise \u00e0 votre disposition.<\/p>\n\t\t\t<h3> 1\u00e8re p\u00e9riode tarifaire<\/h3> <p>&gt; du lundi 1 septembre au samedi 6 d\u00e9cembre<\/p>\t\t\n\t\t\t<h3> 2\u00e8me p\u00e9riode tarifaire<\/h3> <p>&gt; du lundi 8 d\u00e9cembre au samedi 28 mars<\/p>\t\t\n\t\t\t<h3> 3\u00e8me p\u00e9riode tarifaire<\/h3> <p>&gt; du lundi 30 mars au samedi 4 juillet<\/p>\t\t\n\t<h2  id=\"prix-par-periode\">\n\t\t\tPrix par p\u00e9riode\t<\/h2>\n\t<p>1 cours \/ semaine (14 cours) : 260 \u20ac<\/p>\n\t\t\t<a href=\"https:\/\/www.swingtap.com\/shop\/fr\/cours-de-claquettes\/364-une-periode-14-cours-ecole-victor-cuno.html\" target=\"_self\" rel=\"noopener\">\n\t\t\t\t\t\t1 p\u00e9riode &#8211; 14 cours de 90 min. (1 p\u00e9riode) + inscription\n\t\t\t\t\t<\/a>\n\t2 cours \/ semaine (28 cours) : 410 \u20ac<br \/>\n3 cours \/ semaine (42 cours) : 555 \u20ac<br \/>\n4 cours \/ semaine (56 cours) : 672 \u20ac<br \/>\n5 cours \/ semaine (70 cours) : 770 \u20ac\n<h2  id=\"forfait-annuel\">\n\t\t\tForfait annuel (3 p\u00e9riodes)\t<\/h2>\n\t<p>1 cours \/ semaine (42 cours) : 644 \u20ac<\/p>\n\t\t\t<a href=\"https:\/\/www.swingtap.com\/shop\/fr\/cours-de-claquettes\/369-forfait-trois-periodes-ecole-victor-cuno.html\" target=\"_self\" rel=\"noopener\">\n\t\t\t\t\t\t1<\/a><a href=\"https:\/\/www.swingtap.com\/shop\/fr\/cours-de-claquettes\/369-forfait-trois-periodes-ecole-victor-cuno.html\">forfait saison &#8211; 3 p\u00e9riodes &#8211; 42 cours <\/a>\n\t\t\t\t\t\n\t2 cours \/ semaine (84 cours) : 1108 \u20ac<br \/>\n3 cours \/ semaine (126 cours) : 1512 \u20ac<br \/>\n4 cours \/ semaine (168 cours) : 1848 \u20ac\n<h2  id=\"forfait-ado\">\n\t\t\tForfait ADO\t<\/h2>\n\t<p>Les adolescents entre 11 et 18 ans qui participent au cours adultes peuvent b\u00e9n\u00e9ficier d&#8217;un tarif sp\u00e9cial.<\/p>\n\tForfait ADO (3 p\u00e9riodes) &gt; avec l&#8217;adh\u00e9sion :<br \/>\n1 cours \/ semaine (42 cours) : 428 \u20ac\n\t\t\t<a href=\"https:\/\/www.swingtap.com\/shop\/fr\/cours-de-claquettes\/373-forfait-ado-ecole-victor-cuno.html\" target=\"_self\" rel=\"noopener\">\n\t\t\t\t\t\tForfait ADO (3 p\u00e9riodes) 1 cours \/ semaine (42 cours)\n\t\t\t\t\t<\/a>\n\t<p>2 cours \/ semaine (84 cours) : 745 \u20ac<\/p>\n<h2  id=\"starter-pack\">\n\t\t\tStarter-Pack\t<\/h2>\n\t<p>Le kit parfait pour bien entrer dans les claquettes :<\/p>\n\t\t\t\t<img src=\"https:\/\/www.swingtap.com\/blog\/wp-content\/uploads\/Capture-de\u0301cran-2025-08-28-a\u0300-10.32.31.png\" alt=\"Capture d'e\u0301cran 2025-08-28 a\u0300 10.32.31\" itemprop=\"image\" height=\"1522\" width=\"1890\" title=\"Capture d'e\u0301cran 2025-08-28 a\u0300 10.32.31\" onerror=\"this.style.display='none'\" loading=\"lazy\" \/>\n\t14 cours<br \/>\n+\u00a0adh\u00e9sion et assurance<br \/>\n<strong>+<\/strong>\u00a0une paire de chaussures de claquettes en cuir<br \/>\n(au choix\u00a0<a href=\"https:\/\/www.swingtap.com\/shop\/fr\/6-modeles-superieurs\" target=\"_blank\" rel=\"noopener\">mod\u00e8le Cadence ou T-World<\/a>)\n<em><strong>+\u00a0un abonnement de 3 mois \u00e0\u00a0<\/strong><\/em><a href=\"https:\/\/victoronline.swingtap.com\/\" target=\"_blank\" rel=\"noopener\"><em><strong>Victor Online<\/strong><\/em><\/a><br \/>\n<strong>+<\/strong>\u00a0le tutoriel pour bien r\u00e9viser et apprendre les claquettes !\n\t\t\t<a href=\"https:\/\/www.swingtap.com\/shop\/fr\/idees-cadeaux\/474-cours-essai.html\" target=\"_self\" rel=\"noopener\">\n\t\t\t\t\t\tStarter-Pack\n\t\t\t\t\t<\/a>\n<h2  id=\"forfait-etudiant\">\n\t\t\tForfait \u00c9tudiant\t<\/h2>\n\t<p>Les \u00e9tudiants et apprentis b\u00e9n\u00e9ficient d&#8217;un tarif sp\u00e9cial. Forfait annuel (3 p\u00e9riodes) avec l&#8217;adh\u00e9sion :<\/p>\n\tForfait \u00c9tudiant (3 p\u00e9riodes) &gt; avec l&#8217;adh\u00e9sion :<br \/>\n1 cours \/ semaine (42 cours) : 544 \u20ac\n\t\t\t<a href=\"https:\/\/www.swingtap.com\/shop\/fr\/cours-de-claquettes\/475-forfait-etudiant-3-periodes-1-cours-semaine-42-cours.html\" target=\"_self\" rel=\"noopener\">\n\t\t\t\t\t\tForfait \u00c9tudiant (3 p\u00e9riodes) 1 cours \/ semaine (42 cours)\n\t\t\t\t\t<\/a>\n\t<p>2 cours \/ semaine (84 cours) : 798 \u20ac<\/p>\n<h2  id=\"forfait-famille\">\n\t\t\tForfait Famille\t<\/h2>\n\tCe tarif concerne les personnes d&#8217;un m\u00eame foyer fiscal. Si papa\/maman ou maman\/enfant etc. s&#8217;inscrivent \u00e0 notre \u00e9cole, la 2\u00e8me personne b\u00e9n\u00e9ficiera d&#8217;une remise de 30%, la 3\u00e8me personne de 50% !!!<br \/>\nCette offre est valable pour les forfaits annuels.\n<h2  id=\"professionnels-du-spectacle\">\n\t\t\tProfessionnels du spectacle\t<\/h2>\n\t<p>Les Professionnels du spectacle peuvent b\u00e9n\u00e9ficier de notre tarification sp\u00e9ciale (carte pro de 8 cours sans limite de validit\u00e9) sur pr\u00e9sentation de la carte Intermittent du Spectacle \/ Agessa. Cette tarification est \u00e9galement valable pour tous ceux qui n&#8217;habitent pas la r\u00e9gion parisienne.<\/p>\n\t<p>Carte pro (8 cours) : 132 \u20ac sans limite de validit\u00e9, apr\u00e8s inscription dans notre \u00e9cole.<\/p>\n\t\t\t<a href=\"https:\/\/www.swingtap.com\/shop\/fr\/cours-de-claquettes\/374-carte-pro-8-cours-ecole-victor-cuno.html\" target=\"_self\" rel=\"noopener\">\n\t\t\t\t\t\tCarte pro 8 cours de 90 min. sans limite de validit\u00e9\n\t\t\t\t\t<\/a>\n\t<p>Notre \u00e9cole n&#8217;est plus habilit\u00e9e aupr\u00e8s de l&#8217;AFDAS \/ POLE EMPLOI pour la formation continue : L&#8217;administratif pesant du nouveau r\u00e9f\u00e9rentiel Qualiopi nous a forc\u00e9 \u00e0 abandonner cette voie.\u00a0 Mais nos cours continuent \u00e0 former les artistes !!!<\/p>\n<h2  id=\"modalites-de-paiement\">\n\t\t\tModalit\u00e9s de paiement\t<\/h2>\n\t<p>CB Visa \/ Eurocard \/ Mastercard \/ American Express \/ Ch\u00e8ques \u00e0 l&#8217;ordre de Swingtap \/ esp\u00e8ces \/ virements.<\/p>\n<p>Nous acceptons les ch\u00e8ques vacances et les ch\u00e8ques des comit\u00e9s d&#8217;entreprise.<\/p>\n<p>R\u00e8glement en plusieurs fois possible apr\u00e8s acceptation de votre demande !<\/p>\n<h2  id=\"fermeture-de-l-ecole\">\n\t\t\tFermeture de l&#8217;\u00c9cole saison 2025\/2026\t<\/h2>\n\tle samedi 1er Novembre<br \/>\ndu mercredi 24 d\u00e9cembre au jeudi 1er janvier (No\u00ebl)<br \/>\nle 6 avril\u00a0 (lundi de p\u00e2ques)<br \/>\nle vendredi 1er mai (f\u00eate du travail)<br \/>\ndu mercredi 13 au samedi 16 mai (ascension)<br \/>\nlundi 25 mai (pentec\u00f4te)<br \/>\nFin de la saison : samedi 4 juillet\n\n","protected":false},"excerpt":{"rendered":"<p>1\u00e8re p\u00c9RIODE EN COURS Horaires par jour Horaires par niveau Conditions d&#8217;inscription P\u00e9riodes tarifaires Prix par p\u00e9riode Forfait annuel (3 p\u00e9riodes) Forfait ADO Starter-Pack Forfait \u00c9tudiant Forfait Famille Professionnels du spectacle Modalit\u00e9s de paiement Fermeture de l&#8217;\u00c9cole Horaires par jour (sous r\u00e9serve de modification) Lundi 18h45 &gt; Niveau 1 &#8211; David 20h15 &gt; Niveau 2&hellip; <a class=\"more-link\" href=\"https:\/\/www.swingtap.com\/blog\/fr\/horaires-tarifs-inscriptions\/\">Continue reading <span class=\"screen-reader-text\">Horaires, tarifs et inscriptions<\/span><\/a><\/p>\n<p><a href=\"https:\/\/www.swingtap.com\/blog\/fr\/horaires-tarifs-inscriptions\/\">Routines and videos&#8230;<\/a><\/p>\n<p><a href=\"https:\/\/www.swingtap.com\/blog\/fr\/horaires-tarifs-inscriptions\/\">Routines and videos&#8230;<\/a><\/p>\n","protected":false},"author":1,"featured_media":0,"parent":0,"menu_order":4,"comment_status":"closed","ping_status":"closed","template":"","meta":[],"_links":{"self":[{"href":"https:\/\/www.swingtap.com\/blog\/wp-json\/wp\/v2\/pages\/37"}],"collection":[{"href":"https:\/\/www.swingtap.com\/blog\/wp-json\/wp\/v2\/pages"}],"about":[{"href":"https:\/\/www.swingtap.com\/blog\/wp-json\/wp\/v2\/types\/page"}],"author":[{"embeddable":true,"href":"https:\/\/www.swingtap.com\/blog\/wp-json\/wp\/v2\/users\/1"}],"replies":[{"embeddable":true,"href":"https:\/\/www.swingtap.com\/blog\/wp-json\/wp\/v2\/comments?post=37"}],"version-history":[{"count":84,"href":"https:\/\/www.swingtap.com\/blog\/wp-json\/wp\/v2\/pages\/37\/revisions"}],"predecessor-version":[{"id":5595,"href":"https:\/\/www.swingtap.com\/blog\/wp-json\/wp\/v2\/pages\/37\/revisions\/5595"}],"wp:attachment":[{"href":"https:\/\/www.swingtap.com\/blog\/wp-json\/wp\/v2\/media?parent=37"}],"curies":[{"name":"wp","href":"https:\/\/api.w.org\/{rel}","templated":true}]}}