{"id":677,"date":"2013-07-31T17:00:57","date_gmt":"2013-07-31T15:00:57","guid":{"rendered":"https:\/\/www.swingtap.com\/?page_id=677"},"modified":"2022-03-09T13:01:24","modified_gmt":"2022-03-09T12:01:24","slug":"shows-2","status":"publish","type":"page","link":"https:\/\/www.swingtap.com\/blog\/de\/shows-2\/","title":{"rendered":"Shows"},"content":{"rendered":"<div class=\"_warning\">\n  Demn\u00e4chst finden Sie diese Seite in deutscher Sprache\n<\/div>\n<!-- NOTE: If you need to make changes to this file, copy it to your current theme's main\n\tdirectory so your changes won't be overwritten when the plugin is upgraded. -->\n\n<!-- Start of Post Wrap -->\n<div class=\"post hentry ivycat-post\">\n\t<!-- This is the output of the post TITLE -->\n\t<h2 class=\"entry-title\"><a href=\"https:\/\/www.swingtap.com\/blog\/de\/the-victor-cuno-family-show-program-2\/\">The Victor Cuno Family Show (program)<\/a><\/h2>\n\n\t<!-- This is the output of the EXCERPT -->\n\t<div class=\"entry-summary\">\n\t\t<p><a href=\"https:\/\/www.swingtap.com\/blog\/wp-content\/uploads\/2013\/04\/victor_cuno_family_show.jpg\"><img loading=\"lazy\" src=\"https:\/\/www.swingtap.com\/blog\/wp-content\/uploads\/2013\/04\/victor_cuno_family_show-300x232.jpg\" alt=\"The Victor Cuno Family Show\" width=\"300\" height=\"232\" class=\"alignleft size-medium wp-image-433\" srcset=\"https:\/\/www.swingtap.com\/blog\/wp-content\/uploads\/2013\/04\/victor_cuno_family_show-300x232.jpg 300w, https:\/\/www.swingtap.com\/blog\/wp-content\/uploads\/2013\/04\/victor_cuno_family_show-624x483.jpg 624w, https:\/\/www.swingtap.com\/blog\/wp-content\/uploads\/2013\/04\/victor_cuno_family_show.jpg 640w\" sizes=\"(max-width: 300px) 100vw, 300px\" \/><\/a><\/p>\n<p>Victor, St\u00e9phane, Marius, Zazie<\/p>\n<p><strong>Ouverture \u00abGive My Regards to Broadway\u00bb musique: George M. Cohan<\/strong><\/p>\n<p><strong>Zazie<\/strong>: tous les mercredis Monsieur Cappozzoli, mon prof de clarinette, me donne des exercices et quelques morceaux \u00e0 travailler. Je les joue en d\u00e9but de soir\u00e9e dans la petite chambre et je me d\u00e9p\u00eache, parce que je ne veux pas rater \u00abin ze boite\u00bb.<\/p>\n<p><strong>Victor<\/strong>: tous les soirs, depuis la cuisine, j\u2019\u00e9coute Zazie travailler sa clarinette. Un jour j\u2019entends un refrain de com\u00e9die musicale que je connais depuis des lustres. Je propose donc \u00e0 Zazie de l\u2019accompagner au piano. Cela fonctionnait tellement bien que j\u2019ai d\u00e9cid\u00e9 d\u2019arranger le morceau afin d\u2019en faire une petite ouverture pour notre spectacle.<\/p>\n<p><strong>\u00abMilitary Drum\u00bb<\/strong><\/p>\n<p><strong>Marius<\/strong>: pour faire le tambour lors de notre spectacle au Teatro della Sistina \u00e0 Rome, j\u2019ai emmen\u00e9 ma caisse claire et je l\u2019ai pos\u00e9e sur sc\u00e8ne avant de jouer. L\u00e9g\u00e8re am\u00e9lioration un peu plus tard : pour une op\u00e9rette d\u2019Offenbach avec Mme Fazoline, ma prof de piano, maman m\u2019a bricol\u00e9 un harnais avec des ceintures pour que \u00e7a fasse tambour. Mais maintenant, c\u2019est luxe ! Papa m\u2019a achet\u00e9 un vrai tambour chez Schlebach \u00e0 B\u00e2le, un magasin hautement sp\u00e9cialis\u00e9 dans les tambours. D\u2019ailleurs, ils ne font que \u00e7a, pour le carnaval de B\u00e2le.<\/p>\n<p><strong>\u00abMilitary Tap\u00bb (a cappella)<\/strong><\/p>\n<p><strong>Victor<\/strong>: un grand classique des claquettes, tr\u00e8s fun \u00e0 danser ! \u00abBorsalino\u00bb musiques: Claude Bolling Marius: c\u2019est avec ce num\u00e9ro que j\u2019ai commenc\u00e9 \u00e0 faire 1er au Championnat Suisse de Claquettes. Je portais alors une veste noire et on devait replier les manches parce qu\u2019elles \u00e9taient beaucoup trop longues. Ce n\u2019est plus du tout n\u00e9cessaire maintenant !<\/p>\n<p><strong>\u00ab5\u00e8me Gnossienne\u00bb musique: Eric Satie<\/strong><\/p>\n<p><strong>St\u00e9phane<\/strong>: quand les enfants sont couch\u00e9s je me d\u00e9tends de temps \u00e0 autre au piano. Parmi mes compositeurs pr\u00e9f\u00e9r\u00e9s: Debussy et Satie.<\/p>\n<p><strong>\u00abEspi\u00e8gle\u00bb musique: Maurice L\u00e9vy<\/strong><\/p>\n<p><strong>Marius<\/strong>: Cette musique se trouvait dans un recueil de morceaux pour mon cours de piano. Au d\u00e9but je l\u2019ai d\u00e9test\u00e9e, elle n\u2019\u00e9tait pas tr\u00e8s facile pour moi quand j\u2019ai d\u00fb l\u2019apprendre. Mais finalement j\u2019y ai pris go\u00fbt. Et surtout : papa la trouvait juste tr\u00e8s sympathique.<\/p>\n<p><strong>Victor<\/strong>: je trouve cette musique tr\u00e8s rigolote, elle est v\u00e9ritablement \u00abespi\u00e8gle\u00bb. A mon cours \u00abavanc\u00e9\u00bb j\u2019ai fait travailler des exercices techniques et il en est ressorti une petite chor\u00e9graphie. Presque par hasard, j\u2019ai repens\u00e9 \u00e0 cette musique.<\/p>\n<p><strong>\u00abDans Le Shwartz\u00bb \/ \u00abRagtime Parade\u00bb musiques: Victor Cuno<\/strong><\/p>\n<p><strong>Zazie<\/strong>: J\u2019ai travaill\u00e9 cette chor\u00e9 avec papa pour me pr\u00e9senter au championnat Suisse de Claquettes en 2012.<\/p>\n<p><strong>\u00abP\u2019tit Gars\u00bb musique: Victor Cuno<\/strong><\/p>\n<p><strong>Victor<\/strong>: pendant les vacances de la Toussaint, j\u2019ai fait venir Daniel Borak, jeune danseur suisse et multiple champion du monde de claquettes, pour donner un stage \u00e0 mon \u00e9cole. Avec Marius, nous avons suivi son masterclass et nous nous sommes bien amus\u00e9s. Entre autres choses, nous avons appris un encha\u00eenement tr\u00e8s sympa que j\u2019ai adapt\u00e9 pour le danser en duo avec Marius.<\/p>\n<p><strong>\u00abConcerto de Delphine\u00bb musique: Michel Legrand<\/strong><\/p>\n<p><strong>St\u00e9phane<\/strong>: fan \u00e9ternel des \u00abDemoiselles de Rochefort\u00bb, cette chanson est un autre souvenir de ma jeunesse au piano que je n\u2019ai jamais oubli\u00e9 et que je joue un peu comme une \u00e9tude pour me chauffer les doigts.<\/p>\n<p><strong>\u00abSolfeggietto\u00bb musique: Carl-Philipp Emmanuel Bach<\/strong><\/p>\n<p><strong>Marius<\/strong>: un morceau que j\u2019ai travaill\u00e9 avec ma prof de piano. Je l\u2019ai pr\u00e9sent\u00e9 au \u00abheures musicales\u00bb du conservatoire.<\/p>\n<p><strong>\u00abFishy\u00bb paroles: No\u00ebl Coward<\/strong><\/p>\n<p><strong>Victor<\/strong>: un de mes grands classiques. Un \u00abfoutage de gueule\u00bb exquis sur des paroles d\u2019une chanson \u00e9crite par cet auteur anglais des ann\u00e9es 1920, responsable d\u2019un nombre incroyable de pi\u00e8ces comiques et souvent tr\u00e8s corrosives.<\/p>\n<p><strong>\u00abI Want to be Happy\u00bb musique: Vincent Youmans, lyrics: Irving Caesar<\/strong><\/p>\n<p><strong>Victor<\/strong>: je ne sais plus comment m\u2019est venue cette id\u00e9e saugrenue de faire du piano et des claquettes en m\u00eame temps, mais je sais que j\u2019en ai bav\u00e9. Et ce n\u2019est pas fini ! Une premi\u00e8re \u00e9bauche de cette entreprise a \u00e9t\u00e9 pr\u00e9sent\u00e9e lors d\u2019un horrible spectacle \u00e0 Francfort en 1981, \u00e0 mes d\u00e9buts. J\u2019ai compl\u00e8tement oubli\u00e9 le propos de ce show, mais je me souviens de costumes en plastique brillant avec une mousse \u00e0 l\u2019int\u00e9rieur : on ne pouvait pas les laver&#8230;<\/p>\n<p><strong>\u00abMission Impossible\u00bb musiques: Lalo Schifrin<\/strong><\/p>\n<p><strong>Marius<\/strong>: mon num\u00e9ro de compet\u2019 de cette ann\u00e9e avec lequel j\u2019ai fait 1er en Suisse et 3\u00e8me au Championnat du Monde il y a \u00e0 peine deux semaines.<\/p>\n<p><strong>\u00abJe m\u2019souviens\u00bb musique: Victor Cuno<\/strong><\/p>\n<p><strong>Victor<\/strong>: une autre excentricit\u00e9 de ma part : faire des claquettes sur une musique super lente que je danse aujourd\u2019hui sur mon slow kitschissime (les filles qui font dou-oua-oua m\u2019\u00e9clateront toujours).<\/p>\n<p><strong>\u00abGeneralife\u00bb musique: Emmanuel S\u00e9journ\u00e9<\/strong><\/p>\n<p><strong>Marius<\/strong>: le d\u00e9fi de cette ann\u00e9e de Sylvie Raynaert, ma prof de percu : apr\u00e8s le xylo, les quatre baguettes au Marimba&#8230;<\/p>\n<p><strong>\u00abPlink-A-Plunk\u00bb \/ \u00abA Petits Pas\u00bb musiques: Victor Cuno<\/strong><\/p>\n<p><strong>St\u00e9phane<\/strong>: Quand ma soeur Delphine s\u2019est mari\u00e9e il y a trois ans, elle souhaitait vivement que je danse avec Victor pour sa grande f\u00eate. On lui a donc cr\u00e9e cette surprise&#8230;<\/p>\n<p><strong>\u00abVilya\u00bb musique: Franz Lehar<\/strong><\/p>\n<p><strong>Zazie<\/strong>: un des derniers morceaux que j\u2019ai travaill\u00e9 avec mon prof de clarinette. Victor: cet air sirupeux \u00abVilya, oh Vilya, du Waldm\u00e4gdelein\u00bb de la \u00abVeuve Joyeuse\u00bb est pour moi un vieux souvenir. Toute ma famille connaissait ce tube par c\u0153ur.<\/p>\n<p><strong>\u00abProhibition\u00bb musique: Victor Cuno<\/strong><\/p>\n<p><strong>Un petit morceau pour finir ensemble !<\/strong><\/p>\n\t<\/div>\n\n\t<!-- This is the output of the META information -->\n\t<div class=\"entry-utility\">\n\t\t\t\t\t<span class=\"cat-links\">\n\t\t\t\t<span class=\"entry-utility-prep entry-utility-prep-cat-links\">Posted in<\/span> <a href=\"https:\/\/www.swingtap.com\/blog\/de\/category\/shows-de\/\" rel=\"category tag\">Shows<\/a>\t\t\t<\/span>\n\t\t\t<span class=\"meta-sep\">|<\/span>\n\t\t\t\t\t\t\t<\/div>\n<\/div>\n<!-- \/\/ End of Post Wrap -->\n\n","protected":false},"excerpt":{"rendered":"<p>Victor, St\u00e9phane, Marius, Zazie Ouverture \u00abGive My Regards to Broadway\u00bb musique: George M. Cohan Zazie: tous les mercredis Monsieur Cappozzoli, mon prof de clarinette, me donne des exercices et quelques morceaux \u00e0 travailler. Je les joue en d\u00e9but de soir\u00e9e dans la petite chambre et je me d\u00e9p\u00eache, parce que je ne veux pas rater&hellip; <a class=\"more-link\" href=\"https:\/\/www.swingtap.com\/blog\/de\/the-victor-cuno-family-show-program-2\/\">Continue reading <span class=\"screen-reader-text\">The Victor Cuno Family Show (program)<\/span><\/a><\/p>\n<p><a href=\"https:\/\/www.swingtap.com\/blog\/de\/the-victor-cuno-family-show-program-2\/\">Routines and videos&#8230;<\/a><\/p>\n<p><a href=\"https:\/\/www.swingtap.com\/blog\/de\/the-victor-cuno-family-show-program-2\/\">Routines and videos&#8230;<\/a><\/p>\n","protected":false},"author":2,"featured_media":0,"parent":0,"menu_order":2,"comment_status":"closed","ping_status":"closed","template":"","meta":[],"_links":{"self":[{"href":"https:\/\/www.swingtap.com\/blog\/wp-json\/wp\/v2\/pages\/677"}],"collection":[{"href":"https:\/\/www.swingtap.com\/blog\/wp-json\/wp\/v2\/pages"}],"about":[{"href":"https:\/\/www.swingtap.com\/blog\/wp-json\/wp\/v2\/types\/page"}],"author":[{"embeddable":true,"href":"https:\/\/www.swingtap.com\/blog\/wp-json\/wp\/v2\/users\/2"}],"replies":[{"embeddable":true,"href":"https:\/\/www.swingtap.com\/blog\/wp-json\/wp\/v2\/comments?post=677"}],"version-history":[{"count":1,"href":"https:\/\/www.swingtap.com\/blog\/wp-json\/wp\/v2\/pages\/677\/revisions"}],"predecessor-version":[{"id":2674,"href":"https:\/\/www.swingtap.com\/blog\/wp-json\/wp\/v2\/pages\/677\/revisions\/2674"}],"wp:attachment":[{"href":"https:\/\/www.swingtap.com\/blog\/wp-json\/wp\/v2\/media?parent=677"}],"curies":[{"name":"wp","href":"https:\/\/api.w.org\/{rel}","templated":true}]}}